000
CDUS45 KTFX 211004
CLIDLN


CLIMATE REPORT
NATIONAL WEATHER SERVICE GREAT FALLS MT
403 AM MDT TUE APR 21 2015


...................................

...THE DILLON AIRPORT MT CLIMATE SUMMARY FOR APRIL 20 2015...

CLIMATE NORMAL PERIOD 1981 TO 2010
CLIMATE RECORD PERIOD 1929 TO 2015


WEATHER ITEM   OBSERVED TIME   RECORD YEAR NORMAL DEPARTURE LAST
                VALUE   (LST)  VALUE       VALUE  FROM      YEAR
                                                  NORMAL
..................................................................
TEMPERATURE (F)
 YESTERDAY
  MAXIMUM         66    427 PM  78    1980  56     10       59
  MINIMUM         28    537 AM  10    2008  30     -2       34
  AVERAGE         47                        43      4       47

PRECIPITATION (IN)
  YESTERDAY        0.00          0.52 1984   0.04  -0.04     0.00
  MONTH TO DATE    0.45                      0.67  -0.22     0.04
  SINCE OCT 1      1.95                      3.15  -1.20     1.10
  SINCE JAN 1      0.79                      1.75  -0.96     0.61

SNOWFALL (IN)
  YESTERDAY       MM
  SNOW DEPTH       0

DEGREE DAYS
 HEATING
  YESTERDAY       18                               -4       18
  MONTH TO DATE  509                               12      451
  SINCE MAR 1   1230                             -217     1375
  SINCE JUL 1   6342                            -1022     7155

 COOLING
  YESTERDAY        0                                0        0
  MONTH TO DATE    0                                0        0
  SINCE MAR 1      0                                0        0
  SINCE JAN 1      0                                0        0
..................................................................


WIND (MPH)
  HIGHEST WIND SPEED    12   HIGHEST WIND DIRECTION    SE (120)
  HIGHEST GUST SPEED    13   HIGHEST GUST DIRECTION     E (90)
  AVERAGE WIND SPEED     4.2


SKY COVER
  AVERAGE SKY COVER 0.2


WEATHER CONDITIONS
 THE FOLLOWING WEATHER WAS RECORDED YESTERDAY.
  NO SIGNIFICANT WEATHER WAS OBSERVED.


RELATIVE HUMIDITY (PERCENT)
 HIGHEST    72
 LOWEST     19
 AVERAGE    46

..........................................................


THE DILLON AIRPORT MT CLIMATE NORMALS FOR TODAY
                         NORMAL    RECORD    YEAR
 MAXIMUM TEMPERATURE (F)   56        78      1989
 MINIMUM TEMPERATURE (F)   30         9      1951


SUNRISE AND SUNSET
APRIL 21 2015.........SUNRISE   635 AM MDT   SUNSET   824 PM MDT
APRIL 22 2015.........SUNRISE   633 AM MDT   SUNSET   825 PM MDT


-  INDICATES NEGATIVE NUMBERS.
R  INDICATES RECORD WAS SET OR TIED.
MM INDICATES DATA IS MISSING.
T  INDICATES TRACE AMOUNT.




$$
