000
CDUS42 KCAE 062129
CLIDNL


CLIMATE REPORT
NATIONAL WEATHER SERVICE COLUMBIA SC
527 PM EDT WED MAY 6 2015


...................................

...THE AUGUSTA DANIEL FIELD GA CLIMATE SUMMARY FOR MAY 6 2015...
VALID TODAY AS OF 0500 PM LOCAL TIME.

CLIMATE NORMAL PERIOD 1981 TO 2010
CLIMATE RECORD PERIOD 9999 TO 9999


WEATHER ITEM   OBSERVED TIME   NORMAL DEPARTURE LAST
                VALUE   (LST)  VALUE  FROM      YEAR
                                      NORMAL
......................................................
TEMPERATURE (F)
 TODAY
  MAXIMUM         84    400 PM  81      3       91
  MINIMUM         60    638 AM  59      1       69
  AVERAGE         72            70      2

PRECIPITATION (IN)
  TODAY            0.00          0.07  -0.07     0.00
  MONTH TO DATE    0.00          0.38  -0.38     0.02
  SINCE MAR 1      6.06          7.64  -1.58     6.94
  SINCE JAN 1     10.99         15.88  -4.89    13.23

DEGREE DAYS
 HEATING
  TODAY            0             1     -1        0
  MONTH TO DATE    2             6     -4        0
  SINCE MAR 1    181           352   -171      386
  SINCE JUL 1   2036          2165   -129     2222

 COOLING
  TODAY            7             6      1       15
  MONTH TO DATE   26            31     -5       46
  SINCE MAR 1    217           128     89      180
  SINCE JAN 1    217           132     85      188
......................................................


WIND (MPH)
  HIGHEST WIND SPEED    16   HIGHEST WIND DIRECTION     E (90)
  HIGHEST GUST SPEED    23   HIGHEST GUST DIRECTION     E (80)
  AVERAGE WIND SPEED     6.6


SKY COVER
  AVERAGE SKY COVER 0.0


WEATHER CONDITIONS
 THE FOLLOWING WEATHER WAS RECORDED TODAY.
  NO SIGNIFICANT WEATHER WAS OBSERVED.


RELATIVE HUMIDITY (PERCENT)
 HIGHEST    78           400 AM
 LOWEST     34           200 PM

..........................................................


THE AUGUSTA DANIEL FIELD GA CLIMATE NORMALS FOR TOMORROW
                         NORMAL
 MAXIMUM TEMPERATURE (F)   81
 MINIMUM TEMPERATURE (F)   59


SUNRISE AND SUNSET
MAY  6 2015...........SUNRISE   635 AM EDT   SUNSET   815 PM EDT
MAY  7 2015...........SUNRISE   634 AM EDT   SUNSET   815 PM EDT


-  INDICATES NEGATIVE NUMBERS.
R  INDICATES RECORD WAS SET OR TIED.
MM INDICATES DATA IS MISSING.
T  INDICATES TRACE AMOUNT.




$$
