000
CDUS44 KEWX 060619
CLIDRT


CLIMATE REPORT
NATIONAL WEATHER SERVICE AUSTIN/SAN ANTONIO, TX
119 AM CDT WED MAY 6 2015


...................................

...THE DEL RIO CLIMATE SUMMARY FOR MAY 5 2015...

CLIMATE NORMAL PERIOD 1981 TO 2010
CLIMATE RECORD PERIOD 1906 TO 2015


WEATHER ITEM   OBSERVED TIME   RECORD YEAR NORMAL DEPARTURE LAST
                VALUE   (LST)  VALUE       VALUE  FROM      YEAR
                                                  NORMAL
..................................................................
TEMPERATURE (F)
 YESTERDAY
  MAXIMUM         79    345 PM 104    1906  88     -9       97
  MINIMUM         69    735 AM  48    1979  65      4       65
  AVERAGE         74                        76     -2       81

PRECIPITATION (IN)
  YESTERDAY        T             1.33 1963   0.07  -0.07     0.00
  MONTH TO DATE    0.06                      0.36  -0.30     0.00
  SINCE MAR 1      3.98                      3.15   0.83     0.40
  SINCE JAN 1      4.97                      4.75   0.22     0.62

SNOWFALL (IN)
  YESTERDAY        0.0
  MONTH TO DATE    0.0
  SINCE MAR 1      0.0
  SINCE JUL 1      0.0

DEGREE DAYS
 HEATING
  YESTERDAY        0                         0      0        0
  MONTH TO DATE    0                         0      0        0
  SINCE MAR 1    148                       139      9      148
  SINCE JUL 1   1475                      1375    100     1555

 COOLING
  YESTERDAY        9                        11     -2       16
  MONTH TO DATE   42                        55    -13       46
  SINCE MAR 1    333                       365    -32      421
  SINCE JAN 1    348                       384    -36      466
..................................................................


WIND (MPH)
  HIGHEST WIND SPEED    23   HIGHEST WIND DIRECTION    SE (120)
  HIGHEST GUST SPEED    35   HIGHEST GUST DIRECTION    SE (120)
  AVERAGE WIND SPEED    13.7


SKY COVER
  AVERAGE SKY COVER 0.9


WEATHER CONDITIONS
 THE FOLLOWING WEATHER WAS RECORDED YESTERDAY.
  LIGHT RAIN
  FOG


RELATIVE HUMIDITY (PERCENT)
 HIGHEST    93          1000 PM
 LOWEST     68          1200 AM
 AVERAGE    81

..........................................................


THE DEL RIO CLIMATE NORMALS FOR TODAY
                         NORMAL    RECORD    YEAR
 MAXIMUM TEMPERATURE (F)   88       107      2009
 MINIMUM TEMPERATURE (F)   65        52      1953
                                             1917


SUNRISE AND SUNSET
MAY  6 2015...........SUNRISE   658 AM CDT   SUNSET   823 PM CDT
MAY  7 2015...........SUNRISE   657 AM CDT   SUNSET   824 PM CDT


-  INDICATES NEGATIVE NUMBERS.
R  INDICATES RECORD WAS SET OR TIED.
MM INDICATES DATA IS MISSING.
T  INDICATES TRACE AMOUNT.




$$
