000
CDUS43 KMPX 030633
CLIEAU


CLIMATE REPORT
NATIONAL WEATHER SERVICE CHANHASSEN MN
132 AM CDT SUN MAY 3 2015


...................................

...THE EAU CLAIRE WI CLIMATE SUMMARY FOR MAY 2 2015...

CLIMATE NORMAL PERIOD 1981 TO 2010
CLIMATE RECORD PERIOD 1893 TO 2015


WEATHER ITEM   OBSERVED TIME   RECORD YEAR NORMAL DEPARTURE LAST
                VALUE   (LST)  VALUE       VALUE  FROM      YEAR
                                                  NORMAL
..................................................................
TEMPERATURE (F)
 YESTERDAY
  MAXIMUM         80    423 PM  91    1959  66     14       53
  MINIMUM         44    409 AM  25    1961  41      3       40
  AVERAGE         62                        53      9       47

PRECIPITATION (IN)
  YESTERDAY        0.00          1.49 2008   0.11  -0.11      T
  MONTH TO DATE    0.00                      0.22  -0.22     0.13
  SINCE MAR 1      3.47                      4.70  -1.23     6.95
  SINCE JAN 1      4.06                      6.40  -2.34    10.15

SNOWFALL (IN)
  YESTERDAY        0.0           8.7  2013   0.0    0.0      0.0
  MONTH TO DATE    0.0                       0.0    0.0      0.0
  SINCE MAR 1      7.3                      10.5   -3.2     13.1
  SINCE JUL 1     38.1                      46.8   -8.7     74.8
  SNOW DEPTH       0

DEGREE DAYS
 HEATING
  YESTERDAY        3                        12     -9       18
  MONTH TO DATE   15                        24     -9       39
  SINCE MAR 1   1526                      1644   -118     2033
  SINCE JUL 1   7879                      7665    214     8925

 COOLING
  YESTERDAY        0                         0      0        0
  MONTH TO DATE    0                         0      0        0
  SINCE MAR 1      0                         4     -4        0
  SINCE JAN 1      0                         4     -4        0
..................................................................


WIND (MPH)
  HIGHEST WIND SPEED    20   HIGHEST WIND DIRECTION    SW (210)
  HIGHEST GUST SPEED    26   HIGHEST GUST DIRECTION     S (200)
  AVERAGE WIND SPEED     9.4


SKY COVER
  POSSIBLE SUNSHINE  MM
  AVERAGE SKY COVER 0.1


WEATHER CONDITIONS
 THE FOLLOWING WEATHER WAS RECORDED YESTERDAY.
  NO SIGNIFICANT WEATHER WAS OBSERVED.


RELATIVE HUMIDITY (PERCENT)
 HIGHEST    77           500 AM
 LOWEST     27           300 PM
 AVERAGE    52

..........................................................


THE EAU CLAIRE WI CLIMATE NORMALS FOR TODAY
                         NORMAL    RECORD    YEAR
 MAXIMUM TEMPERATURE (F)   66        93      1949
 MINIMUM TEMPERATURE (F)   41        20      1967


SUNRISE AND SUNSET
MAY  3 2015...........SUNRISE   553 AM CDT   SUNSET   813 PM CDT
MAY  4 2015...........SUNRISE   552 AM CDT   SUNSET   815 PM CDT


-  INDICATES NEGATIVE NUMBERS.
R  INDICATES RECORD WAS SET OR TIED.
MM INDICATES DATA IS MISSING.
T  INDICATES TRACE AMOUNT.




$$
