000
CDUS42 KAKQ 180550
CLIECG


CLIMATE REPORT
NATIONAL WEATHER SERVICE WAKEFIELD, VA
150 AM EDT SAT APR 18 2015


...................................

...THE ELIZABETH CITY NC CLIMATE SUMMARY FOR APRIL 17 2015...

CLIMATE NORMAL PERIOD 1981 TO 2010
CLIMATE RECORD PERIOD 1934 TO 2015


WEATHER ITEM   OBSERVED TIME   RECORD YEAR NORMAL DEPARTURE LAST
                VALUE   (LST)  VALUE       VALUE  FROM      YEAR
                                                  NORMAL
..................................................................
TEMPERATURE (F)
 YESTERDAY
  MAXIMUM         77    451 PM  92    1976  70      7       55
  MINIMUM         56    332 AM  32    2009  48      8       42
                                      1966
  AVERAGE         67                        59      8       49

PRECIPITATION (IN)
  YESTERDAY        0.00          0.63 1946   0.09  -0.09     0.00
  MONTH TO DATE    1.92                      1.86   0.06     2.24
  SINCE MAR 1      4.89                      5.84  -0.95     4.65
  SINCE JAN 1     11.69                     12.28  -0.59     8.79

SNOWFALL (IN)
  YESTERDAY        0.0           0.0  2002  MM     MM
  MONTH TO DATE    0.0                      MM     MM
  SINCE NOV 1      T                        MM     MM
  SINCE JUL 1      T                        MM     MM
  SNOW DEPTH       0

DEGREE DAYS
 HEATING
  YESTERDAY        0                         7     -7       16
  MONTH TO DATE  105                       150    -45       94
  SINCE MAR 1    587                       615    -28      642
  SINCE JUL 1   3121                      3087     34     3217

 COOLING
  YESTERDAY        2                         1      1        0
  MONTH TO DATE   16                        17     -1       22
  SINCE MAR 1     21                        22     -1       22
  SINCE JAN 1     23                        24     -1       22
..................................................................


WIND (MPH)
  HIGHEST WIND SPEED     9   HIGHEST WIND DIRECTION     E (100)
  HIGHEST GUST SPEED    13   HIGHEST GUST DIRECTION     S (180)
  AVERAGE WIND SPEED     3.7


SKY COVER
  POSSIBLE SUNSHINE  MM
  AVERAGE SKY COVER 0.3


WEATHER CONDITIONS
 THE FOLLOWING WEATHER WAS RECORDED YESTERDAY.
  NO SIGNIFICANT WEATHER WAS OBSERVED.


RELATIVE HUMIDITY (PERCENT)
 HIGHEST    93           300 AM
 LOWEST     60           300 PM
 AVERAGE    77

..........................................................


THE ELIZABETH CITY NC CLIMATE NORMALS FOR TODAY
                         NORMAL    RECORD    YEAR
 MAXIMUM TEMPERATURE (F)   70        91      1941
 MINIMUM TEMPERATURE (F)   49        32      1997


SUNRISE AND SUNSET
APRIL 18 2015.........SUNRISE   628 AM EDT   SUNSET   741 PM EDT
APRIL 19 2015.........SUNRISE   626 AM EDT   SUNSET   742 PM EDT


-  INDICATES NEGATIVE NUMBERS.
R  INDICATES RECORD WAS SET OR TIED.
MM INDICATES DATA IS MISSING.
T  INDICATES TRACE AMOUNT.




$$
