000
CDUS45 KLKN 270935
CLIEKO


CLIMATE REPORT
NATIONAL WEATHER SERVICE ELKO NV
234 AM PDT MON APR 27 2015


...................................

...THE ELKO AIRPORT NV CLIMATE SUMMARY FOR APRIL 26 2015...

CLIMATE NORMAL PERIOD 1981 TO 2010
CLIMATE RECORD PERIOD 1888 TO 2015


WEATHER ITEM   OBSERVED TIME   RECORD YEAR NORMAL DEPARTURE LAST
                VALUE   (LST)  VALUE       VALUE  FROM      YEAR
                                                  NORMAL
..................................................................
TEMPERATURE (F)
 YESTERDAY
  MAXIMUM         53    245 PM  84    1987  63    -10       49
                                      1927
  MINIMUM         31   1158 PM  13    1899  33     -2       29
  AVERAGE         42                        48     -6       39

PRECIPITATION (IN)
  YESTERDAY        0.00          0.57 1963   0.04  -0.04     0.10
  MONTH TO DATE    0.73                      0.84  -0.11     0.98
  SINCE OCT 1      3.62                      6.86  -3.24     6.22
  SINCE JAN 1      1.38                      3.80  -2.42     4.61

SNOWFALL (IN)
  YESTERDAY        0.0           2.6  1963   0.1   -0.1       T
  MONTH TO DATE    2.2                       3.0   -0.8      2.6
  SINCE MAR 1      2.9                       8.1   -5.2      7.9
  SINCE JUL 1     12.3                      40.6  -28.3     20.2
  SNOW DEPTH       0

DEGREE DAYS
 HEATING
  YESTERDAY       23                        17      6       26
  MONTH TO DATE  531                       528      3      498
  SINCE MAR 1   1163                      1337   -174     1256
  SINCE JUL 1   5171                      6505  -1334     5987

 COOLING
  YESTERDAY        0                         0      0        0
  MONTH TO DATE    0                         0      0        0
  SINCE MAR 1      0                         0      0        0
  SINCE JAN 1      0                         0      0        0
..................................................................


WIND (MPH)
  HIGHEST WIND SPEED    21   HIGHEST WIND DIRECTION    NW (320)
  HIGHEST GUST SPEED    28   HIGHEST GUST DIRECTION    NW (300)
  AVERAGE WIND SPEED     8.6



WEATHER CONDITIONS
 THE FOLLOWING WEATHER WAS RECORDED YESTERDAY.
  NO SIGNIFICANT WEATHER WAS OBSERVED.


RELATIVE HUMIDITY (PERCENT)
 HIGHEST    70          1200 AM
 LOWEST     24           100 PM
 AVERAGE    47

..........................................................


THE ELKO AIRPORT NV CLIMATE NORMALS FOR TODAY
                         NORMAL    RECORD    YEAR
 MAXIMUM TEMPERATURE (F)   63        84      2000
 MINIMUM TEMPERATURE (F)   33        12      1918


SUNRISE AND SUNSET
APRIL 27 2015.........SUNRISE   547 AM PDT   SUNSET   735 PM PDT
APRIL 28 2015.........SUNRISE   546 AM PDT   SUNSET   736 PM PDT


-  INDICATES NEGATIVE NUMBERS.
R  INDICATES RECORD WAS SET OR TIED.
MM INDICATES DATA IS MISSING.
T  INDICATES TRACE AMOUNT.




$$
