000
CDUS44 KSHV 040732
CLIELD


CLIMATE REPORT
NATIONAL WEATHER SERVICE SHREVEPORT, LA
232 AM CDT MON MAY 4 2015


...................................

...THE EL DORADO CLIMATE SUMMARY FOR MAY 3 2015...

CLIMATE NORMAL PERIOD 1981 TO 2010
CLIMATE RECORD PERIOD 1907 TO 2015


WEATHER ITEM   OBSERVED TIME   RECORD YEAR NORMAL DEPARTURE LAST
                VALUE   (LST)  VALUE       VALUE  FROM      YEAR
                                                  NORMAL
..................................................................
TEMPERATURE (F)
 YESTERDAY
  MAXIMUM         83    327 PM  93    1952  79      4       84
  MINIMUM         54    411 AM  37    1960  56     -2       44
  AVERAGE         69                        68      1       64

PRECIPITATION (IN)
  YESTERDAY        0.00          2.37 2009   0.16  -0.16     0.00
  MONTH TO DATE    0.00                      0.47  -0.47     0.00
  SINCE DEC 1     19.40                     23.58  -4.18    20.77
  SINCE JAN 1     16.07                     18.40  -2.33    14.21

SNOWFALL (IN)
  YESTERDAY        0.0
  MONTH TO DATE    0.0
  SINCE MAR 1      0.7
  SINCE JUL 1      0.7
  SNOW DEPTH       0

DEGREE DAYS
 HEATING
  YESTERDAY        0                         1     -1        1
  MONTH TO DATE    0                         4     -4       16
  SINCE MAR 1    427                       430     -3      619
  SINCE JUL 1   2913                      2658    255     3226

 COOLING
  YESTERDAY        4                         4      0        0
  MONTH TO DATE    4                        12     -8        0
  SINCE MAR 1    105                       105      0       57
  SINCE JAN 1    105                       111     -6       57
..................................................................


WIND (MPH)
  HIGHEST WIND SPEED    14   HIGHEST WIND DIRECTION    SE (140)
  HIGHEST GUST SPEED    19   HIGHEST GUST DIRECTION    SW (220)
  AVERAGE WIND SPEED     4.3


SKY COVER
  POSSIBLE SUNSHINE  MM
  AVERAGE SKY COVER 0.1


WEATHER CONDITIONS
 THE FOLLOWING WEATHER WAS RECORDED YESTERDAY.
  NO SIGNIFICANT WEATHER WAS OBSERVED.


RELATIVE HUMIDITY (PERCENT)
 HIGHEST    93           200 AM
 LOWEST     40           200 PM
 AVERAGE    67

..........................................................


THE EL DORADO CLIMATE NORMALS FOR TODAY
                         NORMAL    RECORD    YEAR
 MAXIMUM TEMPERATURE (F)   80        94      1952
 MINIMUM TEMPERATURE (F)   57        36      2013


SUNRISE AND SUNSET
MAY  4 2015...........SUNRISE   621 AM CDT   SUNSET   756 PM CDT
MAY  5 2015...........SUNRISE   620 AM CDT   SUNSET   757 PM CDT


-  INDICATES NEGATIVE NUMBERS.
R  INDICATES RECORD WAS SET OR TIED.
MM INDICATES DATA IS MISSING.
T  INDICATES TRACE AMOUNT.




$$
