000
CDUS44 KEPZ 070928
CLIELP


CLIMATE REPORT
NATIONAL WEATHER SERVICE EL PASO, TX
327 AM MDT THU MAY 7 2015


...................................

...THE EL PASO CLIMATE SUMMARY FOR MAY 6 2015...

CLIMATE NORMAL PERIOD 1981 TO 2010
CLIMATE RECORD PERIOD 1879 TO 2015


WEATHER ITEM   OBSERVED TIME   RECORD YEAR NORMAL DEPARTURE LAST
                VALUE   (LST)  VALUE       VALUE  FROM      YEAR
                                                  NORMAL
..................................................................
TEMPERATURE (F)
 YESTERDAY
  MAXIMUM         84    448 PM  98    1997  85     -1       88
                                      1947
  MINIMUM         58    536 AM  38    1930  57      1       66
  AVERAGE         71                        71      0       77

PRECIPITATION (IN)
  YESTERDAY        0.00          0.75 1992   0.01  -0.01     0.00
  MONTH TO DATE    0.16                      0.07   0.09     0.00
  SINCE MAR 1      1.01                      0.56   0.45     0.63
  SINCE JAN 1      1.89                      1.42   0.47     0.63

SNOWFALL (IN)
  YESTERDAY        0.0                                       0.0
  MONTH TO DATE    0.0                                       0.0
  SINCE MAR 1      0.0                                       0.0
  SINCE JUL 1      T                                          T
  SNOW DEPTH       0

DEGREE DAYS
 HEATING
  YESTERDAY        0                         1     -1        0
  MONTH TO DATE    0                         6     -6       11
  SINCE MAR 1    241                       368   -127      249
  SINCE JUL 1   2064                      2471   -407     2037

 COOLING
  YESTERDAY        6                         6      0       12
  MONTH TO DATE   51                        35     16       40
  SINCE MAR 1    177                       127     50      159
  SINCE JAN 1    178                       127     51      166
..................................................................


WIND (MPH)
  HIGHEST WIND SPEED    24   HIGHEST WIND DIRECTION     W (260)
  HIGHEST GUST SPEED    30   HIGHEST GUST DIRECTION     W (260)
  AVERAGE WIND SPEED     9.0


SKY COVER
  POSSIBLE SUNSHINE  MM
  AVERAGE SKY COVER 0.2


WEATHER CONDITIONS
 THE FOLLOWING WEATHER WAS RECORDED YESTERDAY.
  NO SIGNIFICANT WEATHER WAS OBSERVED.


RELATIVE HUMIDITY (PERCENT)
 HIGHEST    49           600 AM
 LOWEST     10          1000 PM
 AVERAGE    30

..........................................................


THE EL PASO CLIMATE NORMALS FOR TODAY
                         NORMAL    RECORD    YEAR
 MAXIMUM TEMPERATURE (F)   85        99      2009
 MINIMUM TEMPERATURE (F)   57        38      1917


SUNRISE AND SUNSET
MAY  7 2015...........SUNRISE   615 AM MDT   SUNSET   750 PM MDT
MAY  8 2015...........SUNRISE   614 AM MDT   SUNSET   751 PM MDT


-  INDICATES NEGATIVE NUMBERS.
R  INDICATES RECORD WAS SET OR TIED.
MM INDICATES DATA IS MISSING.
T  INDICATES TRACE AMOUNT.




$$
