000
CDUS45 KLKN 210931
CLIELY


CLIMATE REPORT
NATIONAL WEATHER SERVICE ELKO NV
225 AM PDT TUE APR 21 2015


...................................

...THE ELY AIRPORT NV CLIMATE SUMMARY FOR APRIL 20 2015...

CLIMATE NORMAL PERIOD 1981 TO 2010
CLIMATE RECORD PERIOD 1893 TO 2015


WEATHER ITEM   OBSERVED TIME   RECORD YEAR NORMAL DEPARTURE LAST
                VALUE   (LST)  VALUE       VALUE  FROM      YEAR
                                                  NORMAL
..................................................................
TEMPERATURE (F)
 YESTERDAY
  MAXIMUM         70    128 PM  81    1994  59     11       70
  MINIMUM         26    512 AM   6    1966  28     -2       36
  AVERAGE         48                        43      5       53

PRECIPITATION (IN)
  YESTERDAY        0.00          0.75 1898   0.03  -0.03     0.00
  MONTH TO DATE    0.22                      0.62  -0.40     0.20
  SINCE OCT 1      2.27                      5.29  -3.02     5.03
  SINCE JAN 1      1.10                      3.00  -1.90     2.35

SNOWFALL (IN)
  YESTERDAY        0.0           4.0  1995   0.1   -0.1      0.0
                                      1904
  MONTH TO DATE    3.7                       3.8   -0.1      2.9
  SINCE MAR 1      8.7                      12.1   -3.4      7.3
  SINCE JUL 1     19.7                      47.0  -27.3     46.4
  SNOW DEPTH       0

DEGREE DAYS
 HEATING
  YESTERDAY       17                        22     -5       12
  MONTH TO DATE  479                       477      2      404
  SINCE MAR 1   1174                      1367   -193     1237
  SINCE JUL 1   5418                      6704  -1286     6256

 COOLING
  YESTERDAY        0                         0      0        0
  MONTH TO DATE    0                         0      0        0
  SINCE MAR 1      0                         0      0        0
  SINCE JAN 1      0                         0      0        0
..................................................................


WIND (MPH)
  HIGHEST WIND SPEED    17   HIGHEST WIND DIRECTION    NW (320)
  HIGHEST GUST SPEED    24   HIGHEST GUST DIRECTION    NW (320)
  AVERAGE WIND SPEED     9.1



WEATHER CONDITIONS
 THE FOLLOWING WEATHER WAS RECORDED YESTERDAY.
  NO SIGNIFICANT WEATHER WAS OBSERVED.


RELATIVE HUMIDITY (PERCENT)
 HIGHEST    42           500 AM
 LOWEST      6           200 PM
 AVERAGE    24

..........................................................


THE ELY AIRPORT NV CLIMATE NORMALS FOR TODAY
                         NORMAL    RECORD    YEAR
 MAXIMUM TEMPERATURE (F)   59        79      2012
                                             1994
 MINIMUM TEMPERATURE (F)   28         0      1963


SUNRISE AND SUNSET
APRIL 21 2015.........SUNRISE   554 AM PDT   SUNSET   723 PM PDT
APRIL 22 2015.........SUNRISE   553 AM PDT   SUNSET   724 PM PDT


-  INDICATES NEGATIVE NUMBERS.
R  INDICATES RECORD WAS SET OR TIED.
MM INDICATES DATA IS MISSING.
T  INDICATES TRACE AMOUNT.




$$
