000
CDUS46 KOTX 040835
CLIEPH


CLIMATE REPORT
NATIONAL WEATHER SERVICE SPOKANE, WA
135 AM PDT MON MAY 4 2015


...................................

...THE EPHRATA WA AIRPORT CLIMATE SUMMARY FOR MAY 3 2015...

CLIMATE NORMAL PERIOD 1981 TO 2010
CLIMATE RECORD PERIOD 9999 TO 9999


WEATHER ITEM   OBSERVED TIME   RECORD YEAR NORMAL DEPARTURE LAST
                VALUE   (LST)  VALUE       VALUE  FROM      YEAR
                                                  NORMAL
..................................................................
TEMPERATURE (F)
 YESTERDAY
  MAXIMUM         75    238 PM  88    1966  68      7       71
  MINIMUM         44    445 AM  32    2001  42      2       48
  AVERAGE         60                        55      5       60

PRECIPITATION (IN)
  YESTERDAY        0.00          0.24 2000   0.01  -0.01      T
  MONTH TO DATE    0.00                      0.04  -0.04      T
  SINCE OCT 1      5.67                      5.68  -0.01     3.46
  SINCE JAN 1      2.88                      2.85   0.03     2.71

SNOWFALL (IN)
  YESTERDAY       MM

DEGREE DAYS
 HEATING
  YESTERDAY        5                        10     -5        5
  MONTH TO DATE   10                        32    -22        5
  SINCE MAR 1    919                      1156   -237     1046
  SINCE JUL 1   4613                      5729  -1116     5628

 COOLING
  YESTERDAY        0                         0      0        0
  MONTH TO DATE    0                         0      0        2
  SINCE MAR 1      0                         2     -2        2
  SINCE JAN 1      0                         2     -2        2
..................................................................


WIND (MPH)
  HIGHEST WIND SPEED    14   HIGHEST WIND DIRECTION     N (20)
  HIGHEST GUST SPEED    17   HIGHEST GUST DIRECTION    NE (40)
  AVERAGE WIND SPEED     5.7


SKY COVER
  POSSIBLE SUNSHINE  MM
  AVERAGE SKY COVER 0.0


WEATHER CONDITIONS
 THE FOLLOWING WEATHER WAS RECORDED YESTERDAY.
  NO SIGNIFICANT WEATHER WAS OBSERVED.


RELATIVE HUMIDITY (PERCENT)
 HIGHEST    42           400 AM
 LOWEST     15           200 PM
 AVERAGE    29

..........................................................


THE EPHRATA WA AIRPORT CLIMATE NORMALS FOR TODAY
                         NORMAL    RECORD    YEAR
 MAXIMUM TEMPERATURE (F)   69        90      1966
 MINIMUM TEMPERATURE (F)   43        29      1959


SUNRISE AND SUNSET
MAY  4 2015...........SUNRISE   537 AM PDT   SUNSET   813 PM PDT
MAY  5 2015...........SUNRISE   536 AM PDT   SUNSET   815 PM PDT


-  INDICATES NEGATIVE NUMBERS.
R  INDICATES RECORD WAS SET OR TIED.
MM INDICATES DATA IS MISSING.
T  INDICATES TRACE AMOUNT.




$$
