000
CDUS42 KMHX 070525
CLIEWN


CLIMATE REPORT
NATIONAL WEATHER SERVICE NEWPORT/MOREHEAD CITY NC
125 AM EDT THU MAY 7 2015


...................................

...THE NEW BERN NC CLIMATE SUMMARY FOR MAY 6 2015...

CLIMATE NORMAL PERIOD 1981 TO 2010
CLIMATE RECORD PERIOD 1948 TO 2015


WEATHER ITEM   OBSERVED TIME   RECORD YEAR NORMAL DEPARTURE LAST
                VALUE   (LST)  VALUE       VALUE  FROM      YEAR
                                                  NORMAL
..................................................................
TEMPERATURE (F)
 YESTERDAY
  MAXIMUM         75    209 PM  95    1952  78     -3       86
  MINIMUM         50    438 AM  44    2011  56     -6       62
                                      1973
  AVERAGE         63                        67     -4       74

PRECIPITATION (IN)
  YESTERDAY        0.00          2.87 2005   0.13  -0.13     0.00
  MONTH TO DATE    0.32                      0.70  -0.38     0.02
  SINCE MAR 1      5.94                      8.26  -2.32     9.45
  SINCE JAN 1     14.31                     15.94  -1.63    15.98

SNOWFALL (IN)
  YESTERDAY        0.0
  MONTH TO DATE    0.0
  SINCE NOV 1      3.0
  SINCE JUL 1      3.0
  SNOW DEPTH       0

DEGREE DAYS
 HEATING
  YESTERDAY        2                         2      0        0
  MONTH TO DATE   17                        13      4        0
  SINCE MAR 1    474                       534    -60      558
  SINCE JUL 1   2717                      2680     37     2632

 COOLING
  YESTERDAY        0                         4     -4        9
  MONTH TO DATE    3                        21    -18       34
  SINCE MAR 1     91                        88      3      114
  SINCE JAN 1     98                        91      7      119
..................................................................


WIND (MPH)
  HIGHEST WIND SPEED    13   HIGHEST WIND DIRECTION     E (90)
  HIGHEST GUST SPEED    17   HIGHEST GUST DIRECTION     E (90)
  AVERAGE WIND SPEED     4.6


SKY COVER
  POSSIBLE SUNSHINE  MM
  AVERAGE SKY COVER 0.0


WEATHER CONDITIONS
 THE FOLLOWING WEATHER WAS RECORDED YESTERDAY.
  FOG


RELATIVE HUMIDITY (PERCENT)
 HIGHEST    96           400 AM
 LOWEST     46          1200 PM
 AVERAGE    71

..........................................................


THE NEW BERN NC CLIMATE NORMALS FOR TODAY
                         NORMAL    RECORD    YEAR
 MAXIMUM TEMPERATURE (F)   78        93      1986
 MINIMUM TEMPERATURE (F)   56        42      1968


SUNRISE AND SUNSET
MAY  7 2015...........SUNRISE   611 AM EDT   SUNSET   758 PM EDT
MAY  8 2015...........SUNRISE   611 AM EDT   SUNSET   759 PM EDT


-  INDICATES NEGATIVE NUMBERS.
R  INDICATES RECORD WAS SET OR TIED.
MM INDICATES DATA IS MISSING.
T  INDICATES TRACE AMOUNT.




$$
