000
CDUS43 KIND 280532
CLIEYE


CLIMATE REPORT
NATIONAL WEATHER SERVICE INDIANAPOLIS IN
132 AM EDT TUE APR 28 2015


...................................

...THE INDIANAPOLIS EAGLE CREEK IN CLIMATE SUMMARY FOR APRIL 27 2015...

CLIMATE NORMAL PERIOD 1981 TO 2010
CLIMATE RECORD PERIOD 9999 TO 9999


WEATHER ITEM   OBSERVED TIME   NORMAL DEPARTURE LAST
                VALUE   (LST)  VALUE  FROM      YEAR
                                      NORMAL
......................................................
TEMPERATURE (F)
 YESTERDAY
  MAXIMUM         56    113 PM  67    -11       72
  MINIMUM         37    637 AM  47    -10       46
  AVERAGE         47            57    -10       59

PRECIPITATION (IN)
  YESTERDAY        0.00          0.17  -0.17      T
  MONTH TO DATE    5.06          3.35   1.71     5.45
  SINCE MAR 1      8.13          6.65   1.48     6.43
  SINCE JAN 1     10.61         10.99  -0.38    10.81

DEGREE DAYS
 HEATING
  YESTERDAY       18             9      9        6
  MONTH TO DATE  295           345    -50      334
  SINCE MAR 1   1112          1045     67     1231
  SINCE JUL 1   5798          5170    628     6057

 COOLING
  YESTERDAY        0             1     -1        0
  MONTH TO DATE    4            17    -13        5
  SINCE MAR 1      4            18    -14        5
  SINCE JAN 1      4            18    -14        5
......................................................


WIND (MPH)
  HIGHEST WIND SPEED    18   HIGHEST WIND DIRECTION     N (360)
  HIGHEST GUST SPEED    25   HIGHEST GUST DIRECTION    NW (330)
  AVERAGE WIND SPEED    10.2


SKY COVER
  AVERAGE SKY COVER 0.3


WEATHER CONDITIONS
 THE FOLLOWING WEATHER WAS RECORDED YESTERDAY.
  NO SIGNIFICANT WEATHER WAS OBSERVED.


RELATIVE HUMIDITY (PERCENT)
 HIGHEST    82           700 AM
 LOWEST     50           200 PM
 AVERAGE    66

..........................................................


THE INDIANAPOLIS EAGLE CREEK IN CLIMATE NORMALS FOR TODAY
                         NORMAL
 MAXIMUM TEMPERATURE (F)   67
 MINIMUM TEMPERATURE (F)   47


SUNRISE AND SUNSET
APRIL 28 2015.........SUNRISE   650 AM EDT   SUNSET   836 PM EDT
APRIL 29 2015.........SUNRISE   648 AM EDT   SUNSET   837 PM EDT


-  INDICATES NEGATIVE NUMBERS.
R  INDICATES RECORD WAS SET OR TIED.
MM INDICATES DATA IS MISSING.
T  INDICATES TRACE AMOUNT.




$$
