000
CDUS42 KFFC 020035
CLIFFC


CLIMATE REPORT
NATIONAL WEATHER SERVICE PEACHTREE CITY GA
835 PM EDT WED APR 1 2015


...................................

...THE PEACHTREE CITY CLIMATE SUMMARY FOR APRIL 1 2015...
VALID AS OF 0800 PM LOCAL TIME.

CLIMATE NORMAL PERIOD 1981 TO 2010
CLIMATE RECORD PERIOD 9999 TO 9999


WEATHER ITEM   OBSERVED RECORD YEAR NORMAL DEPARTURE LAST
                VALUE   VALUE       VALUE  FROM      YEAR
                                           NORMAL
...........................................................
TEMPERATURE (F)
 TODAY
  MAXIMUM         81     MM      MM  70     11       82
  MINIMUM         55     MM      MM  44     11       41
  AVERAGE         68

PRECIPITATION (IN)
  TODAY            0.35  MM      MM   0.18   0.17     0.00
  MONTH TO DATE    0.35               0.18   0.17     0.00
  SINCE MAR 1      4.08               5.29  -1.21     4.05

SNOWFALL (IN)
  TODAY            0.0   MM      MM  MM              MM
  MONTH TO DATE    0.0               MM              MM
  SINCE MAR 1      0.0               MM               0.0
  SINCE JUL 1      T                 MM               1.8

DEGREE DAYS
 HEATING
  TODAY            0

 COOLING
  TODAY            3
...........................................................


WIND (MPH)
  RESULTANT WIND SPEED   1   RESULTANT WIND DIRECTION  NW (310)
  HIGHEST WIND SPEED    13   HIGHEST WIND DIRECTION    NW (320)
  HIGHEST GUST SPEED    17   HIGHEST GUST DIRECTION    NW (320)


SKY COVER
  POSSIBLE SUNSHINE  MM
  AVERAGE SKY COVER 0.4


WEATHER CONDITIONS
 THE FOLLOWING WEATHER WAS RECORDED TODAY.
  THUNDERSTORM
  HEAVY RAIN
  RAIN
  LIGHT RAIN
  FOG


RELATIVE HUMIDITY (PERCENT)
 HIGHEST   100
 LOWEST     36
 AVERAGE    68

..........................................................


THE PEACHTREE CITY CLIMATE NORMALS FOR TOMORROW
                         NORMAL    RECORD    YEAR
 MAXIMUM TEMPERATURE (F)   71        MM        MM
 MINIMUM TEMPERATURE (F)   44        MM        MM


SUNRISE AND SUNSET
APRIL  1 2015.........SUNRISE   726 AM EDT   SUNSET   759 PM EDT
APRIL  2 2015.........SUNRISE   725 AM EDT   SUNSET   759 PM EDT


-  INDICATES NEGATIVE NUMBERS.
R  INDICATES RECORD WAS SET OR TIED.
MM INDICATES DATA IS MISSING.
T  INDICATES TRACE AMOUNT.




$$
