000
CDUS42 KILM 040845
CLIFLO


CLIMATE REPORT
NATIONAL WEATHER SERVICE WILMINGTON NC
443 AM EDT MON MAY 4 2015


...................................

...THE FLORENCE SC CLIMATE SUMMARY FOR MAY 3 2015...

CLIMATE NORMAL PERIOD 1981 TO 2010
CLIMATE RECORD PERIOD 1948 TO 2015


WEATHER ITEM   OBSERVED TIME   RECORD YEAR NORMAL DEPARTURE LAST
                VALUE   (LST)  VALUE       VALUE  FROM      YEAR
                                                  NORMAL
..................................................................
TEMPERATURE (F)
 YESTERDAY
  MAXIMUM         83    331 PM  94    1959  80      3       80
  MINIMUM         49    425 AM  42    1963  55     -6       54
  AVERAGE         66                        68     -2       67

PRECIPITATION (IN)
  YESTERDAY        0.00          1.06 2007   0.09  -0.09     0.00
  MONTH TO DATE    T                         0.26  -0.26     0.02
  SINCE MAR 1      6.80                      6.21   0.59     9.04
  SINCE JAN 1     13.73                     12.36   1.37    14.76

DEGREE DAYS
 HEATING
  YESTERDAY        0                         2     -2        0
  MONTH TO DATE    1                         6     -5        2
  SINCE MAR 1    306                       440   -134      533
  SINCE JUL 1   2544                      2506     38     2662

 COOLING
  YESTERDAY        1                         4     -3        2
  MONTH TO DATE    1                        12    -11        7
  SINCE MAR 1    115                       102     13      100
  SINCE JAN 1    118                       108     10      106
..................................................................


WIND (MPH)
  HIGHEST WIND SPEED    13   HIGHEST WIND DIRECTION    SE (150)
  HIGHEST GUST SPEED    16   HIGHEST GUST DIRECTION    NE (30)
  AVERAGE WIND SPEED     4.5


SKY COVER
  POSSIBLE SUNSHINE  MM
  AVERAGE SKY COVER 0.1


WEATHER CONDITIONS
 THE FOLLOWING WEATHER WAS RECORDED YESTERDAY.
  NO SIGNIFICANT WEATHER WAS OBSERVED.


RELATIVE HUMIDITY (PERCENT)
 HIGHEST    93           300 AM
 LOWEST     26           200 PM
 AVERAGE    60

..........................................................


THE FLORENCE SC CLIMATE NORMALS FOR TODAY
                         NORMAL    RECORD    YEAR
 MAXIMUM TEMPERATURE (F)   80        91      1981
 MINIMUM TEMPERATURE (F)   56        38      1971


SUNRISE AND SUNSET
MAY  4 2015...........SUNRISE   627 AM EDT   SUNSET   805 PM EDT
MAY  5 2015...........SUNRISE   626 AM EDT   SUNSET   806 PM EDT


-  INDICATES NEGATIVE NUMBERS.
R  INDICATES RECORD WAS SET OR TIED.
MM INDICATES DATA IS MISSING.
T  INDICATES TRACE AMOUNT.




$$
