000
CDUS42 KTBW 040827
CLIFMY


CLIMATE REPORT
NATIONAL WEATHER SERVICE TAMPA BAY FL
425 AM EDT MON MAY 4 2015


...................................

...THE FORT MYERS CLIMATE SUMMARY FOR MAY 3 2015...

CLIMATE NORMAL PERIOD 1981 TO 2010
CLIMATE RECORD PERIOD 1902 TO 2015


WEATHER ITEM   OBSERVED TIME   RECORD YEAR NORMAL DEPARTURE LAST
                VALUE   (LST)  VALUE       VALUE  FROM      YEAR
                                                  NORMAL
..................................................................
TEMPERATURE (F)
 YESTERDAY
  MAXIMUM         86    248 PM  95    1953  88     -2       81
  MINIMUM         62    617 AM  57    1999  66     -4       68
                                      1955
                                      1925
  AVERAGE         74                        77     -3       75

PRECIPITATION (IN)
  YESTERDAY        0.00          1.94 1963   0.06  -0.06     0.42
  MONTH TO DATE    0.00                      0.17  -0.17     0.54
  SINCE MAR 1      3.49                      5.23  -1.74     4.66
  SINCE JAN 1      6.68                      9.32  -2.64     8.10

DEGREE DAYS
 HEATING
  YESTERDAY        0                         0      0        0
  MONTH TO DATE    0                         0      0        0
  SINCE MAR 1      0                        27    -27        9
  SINCE JUL 1    231                       287    -56      178

 COOLING
  YESTERDAY        9                        12     -3       10
  MONTH TO DATE   26                        34     -8       41
  SINCE MAR 1    753                       479    274      507
  SINCE JAN 1    901                       664    237      768
..................................................................


WIND (MPH)
  RESULTANT WIND SPEED  10   RESULTANT WIND DIRECTION   E (80)
  HIGHEST WIND SPEED    18   HIGHEST WIND DIRECTION     E (80)
  HIGHEST GUST SPEED    26   HIGHEST GUST DIRECTION     E (80)
  AVERAGE WIND SPEED     9.8


SKY COVER
  POSSIBLE SUNSHINE  MM
  AVERAGE SKY COVER 0.2


WEATHER CONDITIONS
 THE FOLLOWING WEATHER WAS RECORDED YESTERDAY.
  NO SIGNIFICANT WEATHER WAS OBSERVED.


RELATIVE HUMIDITY (PERCENT)
 HIGHEST    93           400 AM
 LOWEST     34           100 PM

..........................................................


THE FORT MYERS CLIMATE NORMALS FOR TODAY
                         NORMAL    RECORD    YEAR
 MAXIMUM TEMPERATURE (F)   88        94      1953
 MINIMUM TEMPERATURE (F)   66        54      1971


SUNRISE AND SUNSET
MAY  4 2015...........SUNRISE   647 AM EDT   SUNSET   801 PM EDT
MAY  5 2015...........SUNRISE   647 AM EDT   SUNSET   802 PM EDT


-  INDICATES NEGATIVE NUMBERS.
R  INDICATES RECORD WAS SET OR TIED.
MM INDICATES DATA IS MISSING.
T  INDICATES TRACE AMOUNT.




$$


&&
------------------------------------------------------------------
******************** SUPPLEMENTAL DATA ***************************

...GULF WATER TEMPERATURE AT FORT MYERS BEACH 78
