000
CDUS46 KSGX 270019
CLIFUL


CLIMATE REPORT
NATIONAL WEATHER SERVICE SAN DIEGO, CA
519 PM PDT SUN APR 26 2015


...................................

...THE FULLERTON AIRPORT CA CLIMATE SUMMARY FOR APRIL 26 2015...
VALID TODAY AS OF 0500 PM LOCAL TIME.

CLIMATE NORMAL PERIOD 1981 TO 2010
CLIMATE RECORD PERIOD 1998 TO 2015


WEATHER ITEM   OBSERVED TIME   RECORD YEAR NORMAL DEPARTURE LAST
                VALUE   (LST)  VALUE       VALUE  FROM      YEAR
                                                  NORMAL
..................................................................
TEMPERATURE (F)
 TODAY
  MAXIMUM         76    357 PM 101    2004  74      2       71
  MINIMUM         52    542 AM  49    2009  54     -2       53
  AVERAGE         64                        64      0       62

PRECIPITATION (IN)
  TODAY            0.00          0.09 2002   0.03  -0.03      T
  MONTH TO DATE    0.22                      0.77  -0.55     0.42
  SINCE OCT 1      5.55                     13.11  -7.56     4.77
  SINCE JAN 1      1.73                      9.21  -7.48     3.46

SNOWFALL (IN)
  TODAY            0.0
  MONTH TO DATE    0.0
  SINCE MAR 1      0.0
  SINCE JUL 1      0.0
  SNOW DEPTH       0

DEGREE DAYS
 HEATING
  TODAY            1                         2     -1        3
  MONTH TO DATE   31                        94    -63       36
  SINCE MAR 1     64                       264   -200       89
  SINCE JUL 1    427                      1186   -759      587

 COOLING
  TODAY            0                         2     -2        0
  MONTH TO DATE   43                        25     18       60
  SINCE MAR 1    193                        38    155       95
  SINCE JAN 1    244                        47    197      115
..................................................................


WIND (MPH)
  RESULTANT WIND SPEED   3   RESULTANT WIND DIRECTION  SE (140)
  HIGHEST WIND SPEED    14   HIGHEST WIND DIRECTION    SW (210)
  HIGHEST GUST SPEED    19   HIGHEST GUST DIRECTION     S (200)
  AVERAGE WIND SPEED     4.9


SKY COVER
  POSSIBLE SUNSHINE  MM
  AVERAGE SKY COVER 0.0


WEATHER CONDITIONS
 THE FOLLOWING WEATHER WAS RECORDED TODAY.
  NO SIGNIFICANT WEATHER WAS OBSERVED.


RELATIVE HUMIDITY (PERCENT)
 HIGHEST    83           200 AM
 LOWEST     29           400 PM
 AVERAGE    56

..........................................................


THE FULLERTON AIRPORT CA CLIMATE NORMALS FOR TOMORROW
                         NORMAL    RECORD    YEAR
 MAXIMUM TEMPERATURE (F)   74       102      2008
                                             2004
 MINIMUM TEMPERATURE (F)   55        52      2003


SUNRISE AND SUNSET
APRIL 26 2015.........SUNRISE   608 AM PDT   SUNSET   731 PM PDT
APRIL 27 2015.........SUNRISE   607 AM PDT   SUNSET   732 PM PDT


-  INDICATES NEGATIVE NUMBERS.
R  INDICATES RECORD WAS SET OR TIED.
MM INDICATES DATA IS MISSING.
T  INDICATES TRACE AMOUNT.




$$
