000
CDUS43 KIWX 182023
CLIFWA


CLIMATE REPORT
NATIONAL WEATHER SERVICE NORTHERN INDIANA
423 PM EDT SAT APR 18 2015


...................................

...THE FORT WAYNE CLIMATE SUMMARY FOR APRIL 18 2015...
VALID TODAY AS OF 0400 PM LOCAL TIME.

CLIMATE NORMAL PERIOD 1981 TO 2010
CLIMATE RECORD PERIOD 1897 TO 2015


WEATHER ITEM   OBSERVED TIME   RECORD YEAR NORMAL DEPARTURE LAST
                VALUE   (LST)  VALUE       VALUE  FROM      YEAR
                                                  NORMAL
..................................................................
TEMPERATURE (F)
 TODAY
  MAXIMUM         80    144 PM  87    2002  62     18       69
  MINIMUM         49    611 AM  23    1990  40      9       41
  AVERAGE         65                        51     14       55

PRECIPITATION (IN)
  TODAY            0.00          0.97 1978   0.12  -0.12     0.00
  MONTH TO DATE    1.51                      2.16  -0.65     3.05
  SINCE MAR 1      3.58                      4.87  -1.29     4.95
  SINCE JAN 1      7.35                      9.17  -1.82    11.19

SNOWFALL (IN)
  TODAY            0.0           0.3  1956   0.1   -0.1      0.0
  MONTH TO DATE    0.0                       0.9   -0.9      1.1
  SINCE MAR 1      8.6                       5.0    3.6     14.3
  SINCE JUL 1     45.1                      33.4   11.7     76.1

DEGREE DAYS
 HEATING
  TODAY            0                        14    -14       10
  MONTH TO DATE  214                       313    -99      306
  SINCE MAR 1   1175                      1139     36     1373
  SINCE JUL 1   6324                      5737    587     6626

 COOLING
  TODAY            0                         0      0        0
  MONTH TO DATE    0                         0      0        1
  SINCE MAR 1      0                         0      0        1
  SINCE JAN 1      0                         0      0        1
..................................................................


WIND (MPH)
  HIGHEST WIND SPEED     9   HIGHEST WIND DIRECTION     N (340)
  HIGHEST GUST SPEED    12   HIGHEST GUST DIRECTION     W (280)
  AVERAGE WIND SPEED     3.7


SKY COVER
  POSSIBLE SUNSHINE  MM
  AVERAGE SKY COVER 0.5


WEATHER CONDITIONS
 THE FOLLOWING WEATHER WAS RECORDED TODAY.
  NO SIGNIFICANT WEATHER WAS OBSERVED.


RELATIVE HUMIDITY (PERCENT)
 HIGHEST    83           100 AM
 LOWEST     32           200 PM
 AVERAGE    58

..........................................................


THE FORT WAYNE CLIMATE NORMALS FOR TOMORROW
                         NORMAL    RECORD    YEAR
 MAXIMUM TEMPERATURE (F)   63        86      1985
 MINIMUM TEMPERATURE (F)   40        21      1983


SUNRISE AND SUNSET
APRIL 18 2015.........SUNRISE   658 AM EDT   SUNSET   824 PM EDT
APRIL 19 2015.........SUNRISE   656 AM EDT   SUNSET   825 PM EDT


-  INDICATES NEGATIVE NUMBERS.
R  INDICATES RECORD WAS SET OR TIED.
MM INDICATES DATA IS MISSING.
T  INDICATES TRACE AMOUNT.




$$
