000
CDUS43 KUNR 190832
CLIGCC


CLIMATE REPORT
NATIONAL WEATHER SERVICE RAPID CITY SD
232 AM MDT SUN APR 19 2015


...................................

...THE GILLETTE AIRPORT WY CLIMATE SUMMARY FOR APRIL 18 2015...

CLIMATE NORMAL PERIOD 1981 TO 2010
CLIMATE RECORD PERIOD 9999 TO 9999


WEATHER ITEM   OBSERVED TIME   NORMAL DEPARTURE LAST
                VALUE   (LST)  VALUE  FROM      YEAR
                                      NORMAL
......................................................
TEMPERATURE (F)
 YESTERDAY
  MAXIMUM         63    315 PM  56      7       74
  MINIMUM         33    553 AM  30      3       36
  AVERAGE         48            43      5       55

PRECIPITATION (IN)
  YESTERDAY        0.03          0.05  -0.02     0.00
  MONTH TO DATE    0.54          0.69  -0.15     0.33
  SINCE MAR 1      0.99          1.65  -0.66     1.42
  SINCE JAN 1      1.84          2.43  -0.59     2.70

DEGREE DAYS
 HEATING
  YESTERDAY       17            22     -5       10
  MONTH TO DATE  400           436    -36      416
  SINCE MAR 1   1097          1375   -278     1380
  SINCE JUL 1   6187          6783   -596     7025

 COOLING
  YESTERDAY        0             0      0        0
  MONTH TO DATE    0             0      0        0
  SINCE MAR 1      0             0      0        0
  SINCE JAN 1      0             0      0        0
......................................................


WIND (MPH)
  HIGHEST WIND SPEED    36   HIGHEST WIND DIRECTION     N (10)
  HIGHEST GUST SPEED    44   HIGHEST GUST DIRECTION     N (10)
  AVERAGE WIND SPEED    11.3


SKY COVER
  AVERAGE SKY COVER 0.5


WEATHER CONDITIONS
 THE FOLLOWING WEATHER WAS RECORDED YESTERDAY.
  THUNDERSTORM
  LIGHT RAIN
  FOG


RELATIVE HUMIDITY (PERCENT)
 HIGHEST   100           500 AM
 LOWEST     39           300 PM
 AVERAGE    70

..........................................................




SUNRISE AND SUNSET
APRIL 19 2015.........SUNRISE   612 AM MDT   SUNSET   751 PM MDT
APRIL 20 2015.........SUNRISE   610 AM MDT   SUNSET   753 PM MDT


-  INDICATES NEGATIVE NUMBERS.
R  INDICATES RECORD WAS SET OR TIED.
MM INDICATES DATA IS MISSING.
T  INDICATES TRACE AMOUNT.




$$
