000
CDUS43 KIND 060533
CLIGEZ


CLIMATE REPORT
NATIONAL WEATHER SERVICE INDIANAPOLIS IN
132 AM EDT WED MAY 6 2015


...................................

...THE SHELBYVILLE IN CLIMATE SUMMARY FOR MAY 5 2015...

CLIMATE NORMAL PERIOD 1981 TO 2010
CLIMATE RECORD PERIOD 9999 TO 9999


WEATHER ITEM   OBSERVED TIME   NORMAL DEPARTURE LAST
                VALUE   (LST)  VALUE  FROM      YEAR
                                      NORMAL
......................................................
TEMPERATURE (F)
 YESTERDAY
  MAXIMUM         85    356 PM  70     15       74
  MINIMUM         61    535 AM  49     12       47
  AVERAGE         73            59     14       61

PRECIPITATION (IN)
  YESTERDAY        0.00          0.20  -0.20     0.00
  MONTH TO DATE    0.01          0.98  -0.97      T
  SINCE MAR 1      8.54          8.73  -0.19     7.46
  SINCE JAN 1     11.56         13.48  -1.92    11.34

DEGREE DAYS
 HEATING
  YESTERDAY        0             7     -7        4
  MONTH TO DATE   10            36    -26       40
  SINCE MAR 1   1064          1133    -69     1141
  SINCE JUL 1   5505          5296    209     5639

 COOLING
  YESTERDAY        8             1      7        0
  MONTH TO DATE   13             5      8        0
  SINCE MAR 1     21            18      3       10
  SINCE JAN 1     21            18      3       10
......................................................


WIND (MPH)
  HIGHEST WIND SPEED    17   HIGHEST WIND DIRECTION     W (270)
  HIGHEST GUST SPEED    21   HIGHEST GUST DIRECTION     W (270)
  AVERAGE WIND SPEED     7.8


SKY COVER
  AVERAGE SKY COVER 0.4


WEATHER CONDITIONS
 THE FOLLOWING WEATHER WAS RECORDED YESTERDAY.
  HAZE


RELATIVE HUMIDITY (PERCENT)
 HIGHEST    87          1200 AM
 LOWEST     34           400 PM
 AVERAGE    61

..........................................................


THE SHELBYVILLE IN CLIMATE NORMALS FOR TODAY
                         NORMAL
 MAXIMUM TEMPERATURE (F)   70
 MINIMUM TEMPERATURE (F)   49


SUNRISE AND SUNSET
MAY  6 2015...........SUNRISE   638 AM EDT   SUNSET   842 PM EDT
MAY  7 2015...........SUNRISE   637 AM EDT   SUNSET   843 PM EDT


-  INDICATES NEGATIVE NUMBERS.
R  INDICATES RECORD WAS SET OR TIED.
MM INDICATES DATA IS MISSING.
T  INDICATES TRACE AMOUNT.




$$
