000
CDUS41 KALY 060629
CLIGFL


CLIMATE REPORT
NATIONAL WEATHER SERVICE ALBANY NY
228 AM EDT WED MAY 6 2015


...................................

...THE GLENS FALLS NY CLIMATE SUMMARY FOR MAY 5 2015...

CLIMATE NORMAL PERIOD 1981 TO 2010
CLIMATE RECORD PERIOD 1949 TO 2015


WEATHER ITEM   OBSERVED TIME   RECORD YEAR NORMAL DEPARTURE LAST
                VALUE   (LST)  VALUE       VALUE  FROM      YEAR
                                                  NORMAL
..................................................................
TEMPERATURE (F)
 YESTERDAY
  MAXIMUM         74    145 PM  87    1949  65      9       61
  MINIMUM         54   1149 PM  24    1974  39     15       43
  AVERAGE         64                        52     12       52

PRECIPITATION (IN)
  YESTERDAY        0.00          0.80 1989   0.12  -0.12     0.00
  MONTH TO DATE    0.00                      0.57  -0.57     0.60
  SINCE MAR 1      2.65                      6.51  -3.86     6.14
  SINCE JAN 1      4.70                     11.45  -6.75    10.67

DEGREE DAYS
 HEATING
  YESTERDAY        1                        13    -12       13
  MONTH TO DATE   29                        69    -40       68
  SINCE MAR 1   1811                      1725     86     1972
  SINCE JUL 1   7492                      7345    147     7741

 COOLING
  YESTERDAY        0                         0      0        0
  MONTH TO DATE    0                         0      0        0
  SINCE MAR 1      0                         1     -1        0
  SINCE JAN 1      0                         1     -1        0
..................................................................


WIND (MPH)
  HIGHEST WIND SPEED    15   HIGHEST WIND DIRECTION     E (80)
  HIGHEST GUST SPEED    19   HIGHEST GUST DIRECTION     W (280)
  AVERAGE WIND SPEED     6.5


SKY COVER
  AVERAGE SKY COVER 0.1



RELATIVE HUMIDITY (PERCENT)
 HIGHEST    72           400 AM
 LOWEST     25           500 PM
 AVERAGE    49

..........................................................


THE GLENS FALLS NY CLIMATE NORMALS FOR TODAY
                         NORMAL    RECORD    YEAR
 MAXIMUM TEMPERATURE (F)   65        84      1977
 MINIMUM TEMPERATURE (F)   39        26      1969


SUNRISE AND SUNSET
MAY  6 2015...........SUNRISE   541 AM EDT   SUNSET   802 PM EDT
MAY  7 2015...........SUNRISE   540 AM EDT   SUNSET   803 PM EDT


-  INDICATES NEGATIVE NUMBERS.
R  INDICATES RECORD WAS SET OR TIED.
MM INDICATES DATA IS MISSING.
T  INDICATES TRACE AMOUNT.




$$
