000
CDUS44 KSHV 180742
CLIGGG


CLIMATE REPORT
NATIONAL WEATHER SERVICE SHREVEPORT, LA
240 AM CDT SAT APR 18 2015


...................................

...THE LONGVIEW CLIMATE SUMMARY FOR APRIL 17 2015...

CLIMATE NORMAL PERIOD 1981 TO 2010
CLIMATE RECORD PERIOD 1902 TO 2015


WEATHER ITEM   OBSERVED TIME   RECORD YEAR NORMAL DEPARTURE LAST
                VALUE   (LST)  VALUE       VALUE  FROM      YEAR
                                                  NORMAL
..................................................................
TEMPERATURE (F)
 YESTERDAY
  MAXIMUM         82    255 PM  92    2006  77      5       69
  MINIMUM         61    248 AM  36    1993  54      7       42
  AVERAGE         72                        65      7       56

PRECIPITATION (IN)
  YESTERDAY        0.04          1.55 1969   0.09  -0.05     0.00
  MONTH TO DATE    3.86                      1.79   2.07     2.20
  SINCE DEC 1     23.21                     17.99   5.22    13.08
  SINCE JAN 1     20.91                     13.50   7.41     8.93

SNOWFALL (IN)
  YESTERDAY        0.0
  MONTH TO DATE    0.0
  SINCE MAR 1      0.2
  SINCE JUL 1      3.1
  SNOW DEPTH       0

DEGREE DAYS
 HEATING
  YESTERDAY        0                         3     -3        9
  MONTH TO DATE   23                        69    -46      107
  SINCE MAR 1    292                       324    -32      455
  SINCE JUL 1   2265                      2228     37     2579

 COOLING
  YESTERDAY        7                         3      4        0
  MONTH TO DATE   88                        39     49       48
  SINCE MAR 1    113                        66     47       58
  SINCE JAN 1    113                        78     35       63
..................................................................


WIND (MPH)
  HIGHEST WIND SPEED    14   HIGHEST WIND DIRECTION     S (170)
  HIGHEST GUST SPEED    17   HIGHEST GUST DIRECTION     S (160)
  AVERAGE WIND SPEED     3.5


SKY COVER
  POSSIBLE SUNSHINE  MM
  AVERAGE SKY COVER 0.4


WEATHER CONDITIONS
 THE FOLLOWING WEATHER WAS RECORDED YESTERDAY.
  LIGHT RAIN


RELATIVE HUMIDITY (PERCENT)
 HIGHEST    97           200 AM
 LOWEST     54           200 PM
 AVERAGE    76

..........................................................


THE LONGVIEW CLIMATE NORMALS FOR TODAY
                         NORMAL    RECORD    YEAR
 MAXIMUM TEMPERATURE (F)   77        94      2006
 MINIMUM TEMPERATURE (F)   54        37      2001


SUNRISE AND SUNSET
APRIL 18 2015.........SUNRISE   646 AM CDT   SUNSET   751 PM CDT
APRIL 19 2015.........SUNRISE   645 AM CDT   SUNSET   751 PM CDT


-  INDICATES NEGATIVE NUMBERS.
R  INDICATES RECORD WAS SET OR TIED.
MM INDICATES DATA IS MISSING.
T  INDICATES TRACE AMOUNT.




$$
