000
CDUS45 KGJT 012341
CLIGJT


CLIMATE REPORT
NATIONAL WEATHER SERVICE GRAND JUNCTION CO
530 PM MDT WED APR 1 2015


...................................

...THE GRAND JUNCTION CO CLIMATE SUMMARY FOR APRIL 1 2015...
VALID TODAY AS OF 0500 PM LOCAL TIME.

CLIMATE NORMAL PERIOD 1981 TO 2010
CLIMATE RECORD PERIOD 1893 TO 2015


WEATHER ITEM   OBSERVED TIME   RECORD YEAR NORMAL DEPARTURE LAST
                VALUE   (LST)  VALUE       VALUE  FROM      YEAR
                                                  NORMAL
..................................................................
TEMPERATURE (F)
 TODAY
  MAXIMUM         68    308 PM  78    1966  61      7       60
  MINIMUM         43    612 AM  14    1920  34      9       40
  AVERAGE         56                        48      8       50

PRECIPITATION (IN)
  TODAY            0.00          0.36 2010   0.03  -0.03     0.00
  MONTH TO DATE    0.00                      0.03  -0.03     0.00
  SINCE MAR 1      0.27                      0.95  -0.68     0.10
  SINCE JAN 1      1.13                      2.07  -0.94     1.48

SNOWFALL (IN)
  TODAY            0.0           3.3  1975   0.1   -0.1      0.0
  MONTH TO DATE    0.0                       0.1   -0.1      0.0
  SINCE MAR 1      1.9                       2.7   -0.8       T
  SINCE JUL 1     10.5                      18.2   -7.7     25.7
  SNOW DEPTH       0

DEGREE DAYS
 HEATING
  TODAY            9                        17     -8       15
  MONTH TO DATE    9                        17     -8       15
  SINCE MAR 1    532                       670   -138      667
  SINCE JUL 1   4517                      5049   -532     5605

 COOLING
  TODAY            0                         0      0        0
  MONTH TO DATE    0                         0      0        0
  SINCE MAR 1      0                         0      0        0
  SINCE JAN 1      0                         0      0        0
..................................................................


WIND (MPH)
  HIGHEST WIND SPEED    29   HIGHEST WIND DIRECTION     W (260)
  HIGHEST GUST SPEED    37   HIGHEST GUST DIRECTION     W (250)
  AVERAGE WIND SPEED    12.9


SKY COVER
  POSSIBLE SUNSHINE  MM
  AVERAGE SKY COVER 0.0


WEATHER CONDITIONS
 THE FOLLOWING WEATHER WAS RECORDED TODAY.
  NO SIGNIFICANT WEATHER WAS OBSERVED.


RELATIVE HUMIDITY (PERCENT)
 HIGHEST    38           600 AM
 LOWEST     10           400 PM
 AVERAGE    24

..........................................................


THE GRAND JUNCTION CO CLIMATE NORMALS FOR TOMORROW
                         NORMAL    RECORD    YEAR
 MAXIMUM TEMPERATURE (F)   61        81      2011
 MINIMUM TEMPERATURE (F)   35        11      1975


SUNRISE AND SUNSET
APRIL  1 2015.........SUNRISE   659 AM MDT   SUNSET   738 PM MDT
APRIL  2 2015.........SUNRISE   657 AM MDT   SUNSET   739 PM MDT


-  INDICATES NEGATIVE NUMBERS.
R  INDICATES RECORD WAS SET OR TIED.
MM INDICATES DATA IS MISSING.
T  INDICATES TRACE AMOUNT.




$$
