000
CDUS44 KJAN 210634
CLIGLH


CLIMATE REPORT
NATIONAL WEATHER SERVICE JACKSON MS
132 AM CDT TUE APR 21 2015


...................................

...THE GREENVILLE CLIMATE SUMMARY FOR APRIL 20 2015...

CLIMATE NORMAL PERIOD 1981 TO 2010
CLIMATE RECORD PERIOD 1920 TO 2015


WEATHER ITEM   OBSERVED TIME   RECORD YEAR NORMAL DEPARTURE LAST
                VALUE   (LST)  VALUE       VALUE  FROM      YEAR
                                                  NORMAL
..................................................................
TEMPERATURE (F)
 YESTERDAY
  MAXIMUM         69    506 PM  95    1987  76     -7       82
  MINIMUM         54   1154 PM  37    1939  54      0       52
                                      1926
  AVERAGE         62                        65     -3       67

PRECIPITATION (IN)
  YESTERDAY        0.00          2.85 1995   0.16  -0.16     0.00
  MONTH TO DATE    2.32                      3.37  -1.05     6.12
  SINCE MAR 1      6.93                      7.92  -0.99    11.63
  SINCE JAN 1     13.38                     17.91  -4.53    15.93

SNOWFALL (IN)
  YESTERDAY        0.0

DEGREE DAYS
 HEATING
  YESTERDAY        3                         3      0        0
  MONTH TO DATE   33                        99    -66      123
  SINCE MAR 1    354                       435    -81      557
  SINCE JUL 1   2841                      2744     97     3164

 COOLING
  YESTERDAY        0                         2     -2        2
  MONTH TO DATE   77                        31     46       31
  SINCE MAR 1     84                        48     36       36
  SINCE JAN 1     84                        53     31       36
..................................................................


WIND (MPH)
  HIGHEST WIND SPEED    22   HIGHEST WIND DIRECTION    NW (320)
  HIGHEST GUST SPEED    29   HIGHEST GUST DIRECTION    NW (320)
  AVERAGE WIND SPEED    10.4


SKY COVER
  POSSIBLE SUNSHINE  MM
  AVERAGE SKY COVER 0.0


WEATHER CONDITIONS
 THE FOLLOWING WEATHER WAS RECORDED YESTERDAY.
  NO SIGNIFICANT WEATHER WAS OBSERVED.


RELATIVE HUMIDITY (PERCENT)
 HIGHEST    80           400 AM
 LOWEST     33           500 PM
 AVERAGE    57

..........................................................


THE GREENVILLE CLIMATE NORMALS FOR TODAY
                         NORMAL    RECORD    YEAR
 MAXIMUM TEMPERATURE (F)   76        95      1987
 MINIMUM TEMPERATURE (F)   54        34      1953


SUNRISE AND SUNSET
APRIL 21 2015.........SUNRISE   627 AM CDT   SUNSET   739 PM CDT
APRIL 22 2015.........SUNRISE   626 AM CDT   SUNSET   740 PM CDT


-  INDICATES NEGATIVE NUMBERS.
R  INDICATES RECORD WAS SET OR TIED.
MM INDICATES DATA IS MISSING.
T  INDICATES TRACE AMOUNT.




$$
