000
CDUS42 KJAX 182127
CLIGNV


CLIMATE REPORT
NATIONAL WEATHER SERVICE JACKSONVILLE FL
527 PM EDT SAT APR 18 2015


...................................

...THE GAINESVILLE CLIMATE SUMMARY FOR APRIL 18 2015...
VALID TODAY AS OF 0500 PM LOCAL TIME.

CLIMATE NORMAL PERIOD 1981 TO 2010
CLIMATE RECORD PERIOD 1890 TO 2015


WEATHER ITEM   OBSERVED TIME   RECORD YEAR NORMAL DEPARTURE LAST
                VALUE   (LST)  VALUE       VALUE  FROM      YEAR
                                                  NORMAL
..................................................................
TEMPERATURE (F)
 TODAY
  MAXIMUM         87    201 PM  91    1967  81      6       73
                                      1960
                                      1930
  MINIMUM         66    613 AM  40    2001  55     11       62
                                      1999
  AVERAGE         77                        68      9       68

PRECIPITATION (IN)
  TODAY            0.00          0.95 1912   0.08  -0.08     0.14
  MONTH TO DATE    1.26                      1.72  -0.46     1.37
  SINCE MAR 1      2.43                      6.05  -3.62     6.87
  SINCE JAN 1      7.69                     12.56  -4.87    16.44

SNOWFALL (IN)
  TODAY            0.0           0.0    MM   0.0    0.0      0.0
  MONTH TO DATE    0.0                       0.0    0.0      0.0
  SINCE MAR 1      0.0                       0.0    0.0      0.0
  SINCE JUL 1      0.0                       0.0    0.0      0.0
  SNOW DEPTH       0

DEGREE DAYS
 HEATING
  TODAY            0                         1     -1        0
  MONTH TO DATE    0                        33    -33       15
  SINCE MAR 1     60                       170   -110      178
  SINCE JUL 1   1211                      1204      7     1088

 COOLING
  TODAY           12                         4      8        3
  MONTH TO DATE  150                        59     91       62
  SINCE MAR 1    289                       113    176       87
  SINCE JAN 1    304                       145    159      124
..................................................................


WIND (MPH)
  HIGHEST WIND SPEED    17   HIGHEST WIND DIRECTION    SW (240)
  HIGHEST GUST SPEED    21   HIGHEST GUST DIRECTION    SW (220)
  AVERAGE WIND SPEED     6.5


SKY COVER
  POSSIBLE SUNSHINE  MM
  AVERAGE SKY COVER 0.5


WEATHER CONDITIONS
 THE FOLLOWING WEATHER WAS RECORDED TODAY.
  FOG


RELATIVE HUMIDITY (PERCENT)
 HIGHEST   100           600 AM
 LOWEST     51           200 PM
 AVERAGE    76

..........................................................


THE GAINESVILLE CLIMATE NORMALS FOR TOMORROW
                         NORMAL    RECORD    YEAR
 MAXIMUM TEMPERATURE (F)   81        94      2011
 MINIMUM TEMPERATURE (F)   55        34      2001


SUNRISE AND SUNSET
APRIL 18 2015.........SUNRISE   700 AM EDT   SUNSET   758 PM EDT
APRIL 19 2015.........SUNRISE   659 AM EDT   SUNSET   758 PM EDT


-  INDICATES NEGATIVE NUMBERS.
R  INDICATES RECORD WAS SET OR TIED.
MM INDICATES DATA IS MISSING.
T  INDICATES TRACE AMOUNT.




$$
