000
CDUS43 KGID 030628
CLIGRI


CLIMATE REPORT
NATIONAL WEATHER SERVICE HASTINGS NE
127 AM CDT SUN MAY 3 2015


...................................

...THE GRAND ISLAND NE CLIMATE SUMMARY FOR MAY 2 2015...

CLIMATE NORMAL PERIOD 1981 TO 2010
CLIMATE RECORD PERIOD 1895 TO 2015


WEATHER ITEM   OBSERVED TIME   RECORD YEAR NORMAL DEPARTURE LAST
                VALUE   (LST)  VALUE       VALUE  FROM      YEAR
                                                  NORMAL
..................................................................
TEMPERATURE (F)
 YESTERDAY
  MAXIMUM         86    343 PM  95    1902  69     17       77
  MINIMUM         54    623 AM  23    1967  45      9       36
  AVERAGE         70                        56     14       57

PRECIPITATION (IN)
  YESTERDAY        0.75          1.05 1903   0.12   0.63     0.00
  MONTH TO DATE    0.84                      0.23   0.61     0.00
  SINCE MAR 1      3.14                      4.56  -1.42     3.10
  SINCE JAN 1      4.31                      5.77  -1.46     3.75

SNOWFALL (IN)
  YESTERDAY        0.0           0.9  1954   0.0    0.0      0.0
  MONTH TO DATE    0.0                       0.0    0.0      0.0
  SINCE MAR 1      1.4                       6.9   -5.5      2.9
  SINCE JUL 1     24.3                      29.0   -4.7     16.4
  SNOW DEPTH       0

DEGREE DAYS
 HEATING
  YESTERDAY        0                         9     -9        8
  MONTH TO DATE    0                        19    -19       24
  SINCE MAR 1   1026                      1260   -234     1274
  SINCE JUL 1   5763                      6021   -258     6109

 COOLING
  YESTERDAY        5                         1      4        0
  MONTH TO DATE    6                         2      4        0
  SINCE MAR 1     10                        13     -3        4
  SINCE JAN 1     10                        13     -3        4
..................................................................


WIND (MPH)
  HIGHEST WIND SPEED    21   HIGHEST WIND DIRECTION     S (190)
  HIGHEST GUST SPEED    28   HIGHEST GUST DIRECTION    SW (210)
  AVERAGE WIND SPEED    10.9


SKY COVER
  AVERAGE SKY COVER 0.1


WEATHER CONDITIONS
 THE FOLLOWING WEATHER WAS RECORDED YESTERDAY.
  THUNDERSTORM
  HEAVY RAIN
  FOG


RELATIVE HUMIDITY (PERCENT)
 HIGHEST    86           500 AM
 LOWEST     25           600 PM
 AVERAGE    56

..........................................................


THE GRAND ISLAND NE CLIMATE NORMALS FOR TODAY
                         NORMAL    RECORD    YEAR
 MAXIMUM TEMPERATURE (F)   69        92      1959
 MINIMUM TEMPERATURE (F)   45        25      2005
                                             1907


SUNRISE AND SUNSET
MAY  3 2015...........SUNRISE   629 AM CDT   SUNSET   832 PM CDT
MAY  4 2015...........SUNRISE   628 AM CDT   SUNSET   833 PM CDT


-  INDICATES NEGATIVE NUMBERS.
R  INDICATES RECORD WAS SET OR TIED.
MM INDICATES DATA IS MISSING.
T  INDICATES TRACE AMOUNT.




$$
