000
CDUS41 KGYX 270832
CLIGYX


CLIMATE REPORT
NATIONAL WEATHER SERVICE GRAY ME
431 AM EDT MON APR 27 2015


...................................

...THE GRAY ME CLIMATE SUMMARY FOR APRIL 26 2015...

CLIMATE NORMAL PERIOD 1981 TO 2010
CLIMATE RECORD PERIOD 1995 TO 2015


WEATHER ITEM   OBSERVED TIME   RECORD YEAR NORMAL DEPARTURE LAST
                VALUE   (LST)  VALUE       VALUE  FROM      YEAR
                                                  NORMAL
..................................................................
TEMPERATURE (F)
 YESTERDAY
  MAXIMUM         55        MM  MM      MM  58     -3       46
  MINIMUM         38        MM  MM      MM  39     -1       36
  AVERAGE         47                        49     -2       41

PRECIPITATION (IN)
  YESTERDAY        T            MM      MM   0.15  -0.15     0.18
  MONTH TO DATE    3.38                      3.80  -0.42     2.77
  SINCE MAR 1      4.90                      7.97  -3.07     6.65
  SINCE JAN 1     10.87                     14.81  -3.94    13.64

SNOWFALL (IN)
  YESTERDAY        0.0          MM      MM   0.1   -0.1      0.0
  MONTH TO DATE    3.0                       4.7   -1.7      1.2
  SINCE MAR 1      8.2                      24.6  -16.4      8.9
  SINCE JUL 1    107.3                      83.7   23.6     83.0
  SNOW DEPTH       0

DEGREE DAYS
 HEATING
  YESTERDAY       18                        17      1       24
  MONTH TO DATE  559                       561     -2      578
  SINCE MAR 1   1694                      1554    140     1804
  SINCE JUL 1   7170                      6712    458     7214

 COOLING
  YESTERDAY        0                         0      0        0
  MONTH TO DATE    0                         0      0        0
  SINCE MAR 1      0                         0      0        0
  SINCE JAN 1      0                         0      0        0
..................................................................







THE GRAY ME CLIMATE NORMALS FOR TODAY
                         NORMAL
 MAXIMUM TEMPERATURE (F)   59
 MINIMUM TEMPERATURE (F)   39


SUNRISE AND SUNSET
APRIL 27 2015.........SUNRISE   539 AM EDT   SUNSET   739 PM EDT
APRIL 28 2015.........SUNRISE   538 AM EDT   SUNSET   740 PM EDT


-  INDICATES NEGATIVE NUMBERS.
R  INDICATES RECORD WAS SET OR TIED.
MM INDICATES DATA IS MISSING.
T  INDICATES TRACE AMOUNT.




$$
