000
CDUS44 KJAN 270838
CLIHBG


CLIMATE REPORT
NATIONAL WEATHER SERVICE JACKSON MS
329 AM CDT MON APR 27 2015


...................................

...THE HATTIESBURG CLIMATE SUMMARY FOR APRIL 26 2015...

CLIMATE NORMAL PERIOD 1981 TO 2010
CLIMATE RECORD PERIOD 1948 TO 2015


WEATHER ITEM   OBSERVED TIME   RECORD YEAR NORMAL DEPARTURE LAST
                VALUE   (LST)  VALUE       VALUE  FROM      YEAR
                                                  NORMAL
..................................................................
TEMPERATURE (F)
 YESTERDAY
  MAXIMUM         88R   143 PM  87    2014  81      7       87
                                      1989
                                      1975
  MINIMUM         63    537 AM  41    1968  56      7       54
  AVERAGE         76                        68      8       71

PRECIPITATION (IN)
  YESTERDAY        0.00          3.09 1980   0.14  -0.14     0.00
  MONTH TO DATE    3.12                      4.44  -1.32     4.53
  SINCE MAR 1      8.83                      9.94  -1.11    10.90
  SINCE JAN 1     16.66                     21.07  -4.41    20.80

SNOWFALL (IN)
  YESTERDAY        0.0

DEGREE DAYS
 HEATING
  YESTERDAY        0                         1     -1        0
  MONTH TO DATE   12                        79    -67       70
  SINCE MAR 1    128                       296   -168      342
  SINCE JUL 1   1909                      1974    -65     2265

 COOLING
  YESTERDAY       11                         4      7        6
  MONTH TO DATE  180                        73    107       59
  SINCE MAR 1    272                       106    166       68
  SINCE JAN 1    278                       121    157       85
..................................................................


WIND (MPH)
  HIGHEST WIND SPEED    13   HIGHEST WIND DIRECTION     W (270)
  HIGHEST GUST SPEED    16   HIGHEST GUST DIRECTION     W (250)
  AVERAGE WIND SPEED     3.3


SKY COVER
  POSSIBLE SUNSHINE  MM
  AVERAGE SKY COVER 0.0


WEATHER CONDITIONS
 THE FOLLOWING WEATHER WAS RECORDED YESTERDAY.
  FOG


RELATIVE HUMIDITY (PERCENT)
 HIGHEST    93           300 AM
 LOWEST     37           300 PM
 AVERAGE    65

..........................................................


THE HATTIESBURG CLIMATE NORMALS FOR TODAY
                         NORMAL    RECORD    YEAR
 MAXIMUM TEMPERATURE (F)   81        91      2002
 MINIMUM TEMPERATURE (F)   56        42      1977


SUNRISE AND SUNSET
APRIL 27 2015.........SUNRISE   616 AM CDT   SUNSET   733 PM CDT
APRIL 28 2015.........SUNRISE   615 AM CDT   SUNSET   734 PM CDT


-  INDICATES NEGATIVE NUMBERS.
R  INDICATES RECORD WAS SET OR TIED.
MM INDICATES DATA IS MISSING.
T  INDICATES TRACE AMOUNT.




$$
