000
CDUS43 KFSD 042237
CLIHON


CLIMATE REPORT
NATIONAL WEATHER SERVICE SIOUX FALLS SD
534 PM CDT MON MAY 4 2015


...................................

...THE HURON SD CLIMATE SUMMARY FOR MAY 4 2015...
VALID TODAY AS OF 0500 PM LOCAL TIME.

CLIMATE NORMAL PERIOD 1981 TO 2010
CLIMATE RECORD PERIOD 1881 TO 2015


WEATHER ITEM   OBSERVED TIME   RECORD YEAR NORMAL DEPARTURE LAST
                VALUE   (LST)  VALUE       VALUE  FROM      YEAR
                                                  NORMAL
..................................................................
TEMPERATURE (F)
 TODAY
  MAXIMUM         75    226 PM  97    1926  67      8       52
  MINIMUM         31    524 AM  21    1967  42    -11       35
  AVERAGE         53                        54     -1       44

PRECIPITATION (IN)
  TODAY            0.00          2.36 2007   0.09  -0.09     0.26
  MONTH TO DATE    T                         0.37  -0.37     0.26
  SINCE MAR 1      0.76                      4.14  -3.38     2.14
  SINCE JAN 1      1.37                      5.24  -3.87     2.70

SNOWFALL (IN)
  TODAY            0.0           3.2  1907   0.0    0.0      0.0
  MONTH TO DATE    0.0                       0.1   -0.1      0.0
  SINCE MAR 1      1.2                      13.0  -11.8      6.9
  SINCE JUL 1     22.8                      44.0  -21.2     28.6
  SNOW DEPTH       0

DEGREE DAYS
 HEATING
  TODAY           12                        11      1       21
  MONTH TO DATE   17                        47    -30       67
  SINCE MAR 1   1318                      1593   -275     1760
  SINCE JUL 1   7255                      7425   -170     8080

 COOLING
  TODAY            0                         1     -1        0
  MONTH TO DATE    2                         1      1        0
  SINCE MAR 1      4                         5     -1        0
  SINCE JAN 1      4                         5     -1        0
..................................................................


WIND (MPH)
  HIGHEST WIND SPEED    16   HIGHEST WIND DIRECTION    NE (60)
  HIGHEST GUST SPEED    23   HIGHEST GUST DIRECTION    NE (40)
  AVERAGE WIND SPEED     6.6


SKY COVER
  POSSIBLE SUNSHINE  MM
  AVERAGE SKY COVER 0.0


WEATHER CONDITIONS
 THE FOLLOWING WEATHER WAS RECORDED TODAY.
  HAZE


RELATIVE HUMIDITY (PERCENT)
 HIGHEST    75           600 AM
 LOWEST     15           200 PM
 AVERAGE    45

..........................................................


THE HURON SD CLIMATE NORMALS FOR TOMORROW
                         NORMAL    RECORD    YEAR
 MAXIMUM TEMPERATURE (F)   67        94      2004
 MINIMUM TEMPERATURE (F)   42        24      1968
                                             1954


SUNRISE AND SUNSET
MAY  4 2015...........SUNRISE   620 AM CDT   SUNSET   840 PM CDT
MAY  5 2015...........SUNRISE   618 AM CDT   SUNSET   842 PM CDT


-  INDICATES NEGATIVE NUMBERS.
R  INDICATES RECORD WAS SET OR TIED.
MM INDICATES DATA IS MISSING.
T  INDICATES TRACE AMOUNT.




$$
