000
CDUS44 KHGX 020717
CLIHOU


CLIMATE REPORT
NATIONAL WEATHER SERVICE HOUSTON/GALVESTON TX
217 AM CDT THU APR 2 2015


...................................

...THE HOUSTON INTERCONTINENTAL CLIMATE SUMMARY FOR APRIL 1 2015...

CLIMATE NORMAL PERIOD 1981 TO 2010
CLIMATE RECORD PERIOD 1892 TO 2015


WEATHER ITEM   OBSERVED TIME   RECORD YEAR NORMAL DEPARTURE LAST
                VALUE   (LST)  VALUE       VALUE  FROM      YEAR
                                                  NORMAL
..................................................................
TEMPERATURE (F)
 YESTERDAY
  MAXIMUM         79   1203 PM  89    1936  77      2       84
                                      1908
  MINIMUM         69   1159 PM  39    1987  56     13       66
                                      1976
                                      1972
  AVERAGE         74                        66      8       75

PRECIPITATION (IN)
  YESTERDAY        0.01          2.26 1945   0.10  -0.09      T
  MONTH TO DATE    0.01                      0.10  -0.09      T
  SINCE MAR 1      6.35                      3.51   2.84     2.45
  SINCE JAN 1     10.18                     10.09   0.09     5.80

SNOWFALL (IN)
  YESTERDAY        0.0          MM      MM
  MONTH TO DATE    0.0
  SINCE MAR 1      0.0
  SINCE JUL 1      0.0

DEGREE DAYS
 HEATING
  YESTERDAY        0                         2     -2        0
  MONTH TO DATE    0                         2     -2        0
  SINCE MAR 1    139                       143     -4      214
  SINCE JUL 1   1458                      1331    127     1694

 COOLING
  YESTERDAY        9                         4      5       10
  MONTH TO DATE    9                         4      5       10
  SINCE MAR 1     77                        75      2       42
  SINCE JAN 1     87                       113    -26       76
..................................................................


WIND (MPH)
  HIGHEST WIND SPEED    20   HIGHEST WIND DIRECTION     S (160)
  HIGHEST GUST SPEED    25   HIGHEST GUST DIRECTION     S (160)




RELATIVE HUMIDITY (PERCENT)
 HIGHEST    90
 LOWEST     62
 AVERAGE    76

..........................................................


THE HOUSTON INTERCONTINENTAL CLIMATE NORMALS FOR TODAY
                         NORMAL    RECORD    YEAR
 MAXIMUM TEMPERATURE (F)   77        89      1939
                                             1918
 MINIMUM TEMPERATURE (F)   56        38      1996


SUNRISE AND SUNSET
APRIL  2 2015.........SUNRISE   710 AM CDT   SUNSET   741 PM CDT
APRIL  3 2015.........SUNRISE   709 AM CDT   SUNSET   741 PM CDT


-  INDICATES NEGATIVE NUMBERS.
R  INDICATES RECORD WAS SET OR TIED.
MM INDICATES DATA IS MISSING.
T  INDICATES TRACE AMOUNT.




...................................

...THE HOUSTON/HOBBY AIRPORT CLIMATE SUMMARY FOR APRIL 1 2015...

CLIMATE NORMAL PERIOD 1981 TO 2010
CLIMATE RECORD PERIOD 1930 TO 2015


WEATHER ITEM   OBSERVED TIME   RECORD YEAR NORMAL DEPARTURE LAST
                VALUE   (LST)  VALUE       VALUE  FROM      YEAR
                                                  NORMAL
..................................................................
TEMPERATURE (F)
 YESTERDAY
  MAXIMUM         79    305 PM  89    1974  76      3       81
                                      1939
  MINIMUM         66    344 AM  35    1937  57      9       67
                                      1931
  AVERAGE         73                        67      6       74

PRECIPITATION (IN)
  YESTERDAY        0.01          2.61 1945   0.09  -0.08     0.03
  MONTH TO DATE    0.01                      0.09  -0.08     0.03
  SINCE MAR 1      6.40                      3.29   3.11     2.57
  SINCE JAN 1     12.28                     10.37   1.91     5.19

SNOWFALL (IN)
  YESTERDAY        0.0          MM      MM
  MONTH TO DATE    0.0
  SINCE MAR 1      0.0
  SINCE JUL 1      0.0

DEGREE DAYS
 HEATING
  YESTERDAY        0                         2     -2        0
  MONTH TO DATE    0                         2     -2        0
  SINCE MAR 1    115                       123     -8      187
  SINCE JUL 1   1300                      1193    107     1514

 COOLING
  YESTERDAY        8                         4      4        9
  MONTH TO DATE    8                         4      4        9
  SINCE MAR 1     83                        73     10       47
  SINCE JAN 1     93                       111    -18       86
..................................................................


WIND (MPH)
  HIGHEST WIND SPEED    22   HIGHEST WIND DIRECTION     S (160)
  HIGHEST GUST SPEED    30   HIGHEST GUST DIRECTION     S (170)




RELATIVE HUMIDITY (PERCENT)
 HIGHEST   100
 LOWEST     69
 AVERAGE    85

..........................................................


THE HOUSTON/HOBBY AIRPORT CLIMATE NORMALS FOR TODAY
                         NORMAL    RECORD    YEAR
 MAXIMUM TEMPERATURE (F)   76        88      1939
 MINIMUM TEMPERATURE (F)   58        39      1937


SUNRISE AND SUNSET
APRIL  2 2015.........SUNRISE   710 AM CDT   SUNSET   740 PM CDT
APRIL  3 2015.........SUNRISE   709 AM CDT   SUNSET   741 PM CDT


-  INDICATES NEGATIVE NUMBERS.
R  INDICATES RECORD WAS SET OR TIED.
MM INDICATES DATA IS MISSING.
T  INDICATES TRACE AMOUNT.




$$
