000
CDUS41 KRLX 030718
CLIHTS


CLIMATE REPORT
NATIONAL WEATHER SERVICE CHARLESTON WV
316 AM EDT SUN MAY 3 2015


...................................

...THE HUNTINGTON WV CLIMATE SUMMARY FOR MAY 2 2015...

CLIMATE NORMAL PERIOD 1981 TO 2010
CLIMATE RECORD PERIOD 1897 TO 2015


WEATHER ITEM   OBSERVED TIME   RECORD YEAR NORMAL DEPARTURE LAST
                VALUE   (LST)  VALUE       VALUE  FROM      YEAR
                                                  NORMAL
..................................................................
TEMPERATURE (F)
 YESTERDAY
  MAXIMUM         74    305 PM  94    1899  72      2       61
  MINIMUM         41    603 AM  32    1963  49     -8       45
                                      1943
  AVERAGE         58                        61     -3       53

PRECIPITATION (IN)
  YESTERDAY        0.00          3.00 2010   0.13  -0.13     0.00
  MONTH TO DATE    0.00                      0.27  -0.27      T
  SINCE JAN 1     19.34                     13.65   5.69    16.98

SNOWFALL (IN)
  YESTERDAY        0.0
  MONTH TO DATE    0.0
  SINCE SEP 1     36.6
  SNOW DEPTH       0

DEGREE DAYS
 HEATING
  YESTERDAY        7                         6      1       12
  MONTH TO DATE   16                        12      4       21
  SINCE MAR 1    918                       899     19      971
  SINCE JUL 1   4934                      4400    534     4732

 COOLING
  YESTERDAY        0                         1     -1        0
  MONTH TO DATE    0                         2     -2        0
  SINCE MAR 1      9                        34    -25       14
  SINCE JAN 1      9                        34    -25       14
..................................................................


WIND (MPH)
  HIGHEST WIND SPEED     9   HIGHEST WIND DIRECTION     N (350)
  HIGHEST GUST SPEED    14   HIGHEST GUST DIRECTION    NW (330)
  AVERAGE WIND SPEED     1.7


SKY COVER
  POSSIBLE SUNSHINE  MM


WEATHER CONDITIONS
 THE FOLLOWING WEATHER WAS RECORDED YESTERDAY.
  FOG


RELATIVE HUMIDITY (PERCENT)
 HIGHEST   100           100 AM
 LOWEST     29           300 PM
 AVERAGE    65

..........................................................


THE HUNTINGTON WV CLIMATE NORMALS FOR TODAY
                         NORMAL    RECORD    YEAR
 MAXIMUM TEMPERATURE (F)   73        90      1942
                                             1902
                                             1899
 MINIMUM TEMPERATURE (F)   49        31      1900


SUNRISE AND SUNSET
MAY  3 2015...........SUNRISE   631 AM EDT   SUNSET   823 PM EDT
MAY  4 2015...........SUNRISE   630 AM EDT   SUNSET   824 PM EDT


-  INDICATES NEGATIVE NUMBERS.
R  INDICATES RECORD WAS SET OR TIED.
MM INDICATES DATA IS MISSING.
T  INDICATES TRACE AMOUNT.




$$
