000
CDUS43 KUNR 050834
CLIICR


CLIMATE REPORT
NATIONAL WEATHER SERVICE RAPID CITY SD
232 AM MDT TUE MAY 5 2015


...................................

...THE WINNER REGIONAL AIRPORT SD CLIMATE SUMMARY FOR MAY 4 2015...

CLIMATE NORMAL PERIOD 1981 TO 2010
CLIMATE RECORD PERIOD 9999 TO 9999


WEATHER ITEM   OBSERVED TIME   NORMAL DEPARTURE LAST
                VALUE   (LST)  VALUE  FROM      YEAR
                                      NORMAL
......................................................
TEMPERATURE (F)
 YESTERDAY
  MAXIMUM         72    208 PM  66      6       62
  MINIMUM         43    402 AM  43      0       40
  AVERAGE         58            54      4       51

PRECIPITATION (IN)
  YESTERDAY        T             0.12  -0.12     0.00
  MONTH TO DATE    0.01          0.49  -0.48      T
  SINCE MAR 1      0.86          4.36  -3.50     2.35
  SINCE JAN 1      0.95          5.12  -4.17     2.43

DEGREE DAYS
 HEATING
  YESTERDAY        7            11     -4       14
  MONTH TO DATE   15            46    -31       56
  SINCE MAR 1   1028          1441   -413     1485
  SINCE JUL 1   5788          6450   -662     6818

 COOLING
  YESTERDAY        0             0      0        0
  MONTH TO DATE    6             0      6        0
  SINCE MAR 1     18             2     16        3
  SINCE JAN 1     18             2     16        3
......................................................


WIND (MPH)
  HIGHEST WIND SPEED    23   HIGHEST WIND DIRECTION     E (70)
  HIGHEST GUST SPEED    28   HIGHEST GUST DIRECTION    NE (40)
  AVERAGE WIND SPEED     8.5


SKY COVER
  AVERAGE SKY COVER 0.5


WEATHER CONDITIONS
 THE FOLLOWING WEATHER WAS RECORDED YESTERDAY.
  LIGHT RAIN


RELATIVE HUMIDITY (PERCENT)
 HIGHEST    49           600 AM
 LOWEST     15           100 PM
 AVERAGE    32

..........................................................




SUNRISE AND SUNSET
MAY  5 2015...........SUNRISE   627 AM CDT   SUNSET   846 PM CDT
MAY  6 2015...........SUNRISE   626 AM CDT   SUNSET   847 PM CDT


-  INDICATES NEGATIVE NUMBERS.
R  INDICATES RECORD WAS SET OR TIED.
MM INDICATES DATA IS MISSING.
T  INDICATES TRACE AMOUNT.




$$
