000
CDUS45 KVEF 200026
CLIIGM


CLIMATE REPORT
NATIONAL WEATHER SERVICE LAS VEGAS, NV
525 PM PDT SUN APR 19 2015


...................................

...THE KINGMAN AZ CLIMATE SUMMARY FOR APRIL 19 2015...
VALID TODAY AS OF 0500 PM LOCAL TIME.

CLIMATE NORMAL PERIOD 1981 TO 2010
CLIMATE RECORD PERIOD 1901 TO 2015


WEATHER ITEM   OBSERVED TIME   RECORD YEAR NORMAL DEPARTURE LAST
                VALUE   (LST)  VALUE       VALUE  FROM      YEAR
                                                  NORMAL
..................................................................
TEMPERATURE (F)
 TODAY
  MAXIMUM         85    303 PM  97    1938  75     10       76
  MINIMUM         46    450 AM  29    1975  45      1       50
  AVERAGE         66                        60      6       63

PRECIPITATION (IN)
  TODAY            0.00          0.51 1923   0.01  -0.01     0.01
  MONTH TO DATE    0.00                      0.31  -0.31     0.02
  SINCE OCT 1      4.83                      5.33  -0.50     1.45
  SINCE JAN 1      2.70                      3.23  -0.53     0.57

DEGREE DAYS
 HEATING
  TODAY            0                         6     -6        2
  MONTH TO DATE  163                       161      2      108
  SINCE MAR 1    411                       579   -168      414
  SINCE JUL 1   2391                      2992   -601     2736

 COOLING
  TODAY            1                         1      0        0
  MONTH TO DATE    2                        12    -10       20
  SINCE MAR 1      4                        15    -11       20
  SINCE JAN 1      4                        15    -11       20
..................................................................


WIND (MPH)
  RESULTANT WIND SPEED   4   RESULTANT WIND DIRECTION   S (170)
  HIGHEST WIND SPEED    25   HIGHEST WIND DIRECTION     N (340)
  HIGHEST GUST SPEED    30   HIGHEST GUST DIRECTION     N (340)
  AVERAGE WIND SPEED     7.3


SKY COVER
  POSSIBLE SUNSHINE  MM
  AVERAGE SKY COVER 0.0


WEATHER CONDITIONS
 THE FOLLOWING WEATHER WAS RECORDED TODAY.
  NO SIGNIFICANT WEATHER WAS OBSERVED.


RELATIVE HUMIDITY (PERCENT)
 HIGHEST    28           300 AM
 LOWEST      7           200 PM
 AVERAGE    18

..........................................................


THE KINGMAN AZ CLIMATE NORMALS FOR TOMORROW
                         NORMAL    RECORD    YEAR
 MAXIMUM TEMPERATURE (F)   75        95      1938
 MINIMUM TEMPERATURE (F)   45        30      1941


SUNRISE AND SUNSET
APRIL 19 2015.........SUNRISE   559 AM MST   SUNSET   712 PM MST
APRIL 20 2015.........SUNRISE   557 AM MST   SUNSET   713 PM MST


-  INDICATES NEGATIVE NUMBERS.
R  INDICATES RECORD WAS SET OR TIED.
MM INDICATES DATA IS MISSING.
T  INDICATES TRACE AMOUNT.




$$
