000
CDUS41 KPHI 050629
CLIILG


CLIMATE REPORT
NATIONAL WEATHER SERVICE MOUNT HOLLY NJ
228 AM EDT TUE MAY 5 2015


...................................

...THE WILMINGTON DE CLIMATE SUMMARY FOR MAY 4 2015...

CLIMATE NORMAL PERIOD 1981 TO 2010
CLIMATE RECORD PERIOD 1894 TO 2015


WEATHER ITEM   OBSERVED TIME   RECORD YEAR NORMAL DEPARTURE LAST
                VALUE   (LST)  VALUE       VALUE  FROM      YEAR
                                                  NORMAL
..................................................................
TEMPERATURE (F)
 YESTERDAY
  MAXIMUM         84    138 PM  88    1965  70     14       64
  MINIMUM         51    507 AM  34    1957  49      2       45
  AVERAGE         68                        59      9       55

PRECIPITATION (IN)
  YESTERDAY        0.00          1.13 1936   0.12  -0.12     0.00
  MONTH TO DATE    0.00                      0.45  -0.45     0.38
  SINCE MAR 1      9.68                      7.87   1.81    11.04
  SINCE JAN 1     16.29                     13.56   2.73    19.62

SNOWFALL (IN)
  YESTERDAY        0.0           0.0  1894   0.0    0.0      0.0
  MONTH TO DATE    0.0                       0.0    0.0      0.0
  SINCE MAR 1      8.6                       2.2    6.4      7.7
  SINCE JUL 1     23.4                      20.2    3.2     56.1
  SNOW DEPTH       0

DEGREE DAYS
 HEATING
  YESTERDAY        0                         7     -7       10
  MONTH TO DATE   17                        28    -11       18
  SINCE MAR 1   1179                      1074    105     1212
  SINCE JUL 1   5018                      4697    321     5067

 COOLING
  YESTERDAY        3                         1      2        0
  MONTH TO DATE    4                         4      0        3
  SINCE MAR 1      8                        16     -8       10
  SINCE JAN 1      8                        16     -8       10
..................................................................


WIND (MPH)
  HIGHEST WIND SPEED    21   HIGHEST WIND DIRECTION     S (200)
  HIGHEST GUST SPEED    27   HIGHEST GUST DIRECTION     S (200)
  AVERAGE WIND SPEED     7.9


SKY COVER
  POSSIBLE SUNSHINE  MM
  AVERAGE SKY COVER 0.0


WEATHER CONDITIONS
 THE FOLLOWING WEATHER WAS RECORDED YESTERDAY.
  HAZE


RELATIVE HUMIDITY (PERCENT)
 HIGHEST   100           500 AM
 LOWEST     24           200 PM
 AVERAGE    62

..........................................................


THE WILMINGTON DE CLIMATE NORMALS FOR TODAY
                         NORMAL    RECORD    YEAR
 MAXIMUM TEMPERATURE (F)   70        88      1955
 MINIMUM TEMPERATURE (F)   49        35      1920


SUNRISE AND SUNSET
MAY  5 2015...........SUNRISE   559 AM EDT   SUNSET   800 PM EDT
MAY  6 2015...........SUNRISE   557 AM EDT   SUNSET   801 PM EDT


-  INDICATES NEGATIVE NUMBERS.
R  INDICATES RECORD WAS SET OR TIED.
MM INDICATES DATA IS MISSING.
T  INDICATES TRACE AMOUNT.




$$
