000
CDUS43 KEAX 012124
CLIIRK


CLIMATE REPORT
NATIONAL WEATHER SERVICE KANSAS CITY/PLEASANT HILL MO
424 PM CDT WED APR 1 2015


...................................

...THE KIRKSVILLE MO CLIMATE SUMMARY FOR APRIL 1 2015...
VALID AS OF 0400 PM LOCAL TIME.

CLIMATE NORMAL PERIOD 1981 TO 2010
CLIMATE RECORD PERIOD 9999 TO 9999


WEATHER ITEM   OBSERVED TIME   NORMAL DEPARTURE LAST
                VALUE   (LST)  VALUE  FROM      YEAR
                                      NORMAL
......................................................
TEMPERATURE (F)
 TODAY
  MAXIMUM         79    252 PM  58     21       55
  MINIMUM         46    614 AM  36     10       27
  AVERAGE         63            47     16       41

PRECIPITATION (IN)
  TODAY            0.00          0.06  -0.06     0.00
  MONTH TO DATE    0.00          0.06  -0.06     0.00
  SINCE MAR 1      0.82          2.61  -1.79     1.07
  SINCE JAN 1      2.87          5.41  -2.54     4.62

DEGREE DAYS
 HEATING
  TODAY            2            18    -16       24
  MONTH TO DATE    2            18    -16       24
  SINCE MAR 1    688           772    -84      926
  SINCE JUL 1   5367          5305     62     5896

 COOLING
  TODAY            0             0      0        0
  MONTH TO DATE    0             0      0        0
  SINCE MAR 1      1             0      1        0
  SINCE JAN 1      1             0      1        0
......................................................


WIND (MPH)
  HIGHEST WIND SPEED    28   HIGHEST WIND DIRECTION     S (170)
  HIGHEST GUST SPEED    36   HIGHEST GUST DIRECTION     S (170)
  AVERAGE WIND SPEED    14.4


SKY COVER
  AVERAGE SKY COVER 0.0


WEATHER CONDITIONS
 THE FOLLOWING WEATHER WAS RECORDED TODAY.
  NO SIGNIFICANT WEATHER WAS OBSERVED.


RELATIVE HUMIDITY (PERCENT)
 HIGHEST    63           700 AM
 LOWEST     28          1000 AM
 AVERAGE    46

..........................................................


THE KIRKSVILLE MO CLIMATE NORMALS FOR TOMORROW
                         NORMAL
 MAXIMUM TEMPERATURE (F)   58
 MINIMUM TEMPERATURE (F)   36


SUNRISE AND SUNSET
APRIL  1 2015.........SUNRISE   654 AM CDT   SUNSET   734 PM CDT
APRIL  2 2015.........SUNRISE   653 AM CDT   SUNSET   735 PM CDT


-  INDICATES NEGATIVE NUMBERS.
R  INDICATES RECORD WAS SET OR TIED.
MM INDICATES DATA IS MISSING.
T  INDICATES TRACE AMOUNT.




$$
