000
CDUS43 KBIS 050738
CLIISN


CLIMATE REPORT
NATIONAL WEATHER SERVICE BISMARCK ND
238 AM CDT TUE MAY 5 2015


...................................

...THE WILLISTON ND CLIMATE SUMMARY FOR MAY 4 2015...

CLIMATE NORMAL PERIOD 1981 TO 2010
CLIMATE RECORD PERIOD 1894 TO 2015


WEATHER ITEM   OBSERVED TIME   RECORD YEAR NORMAL DEPARTURE LAST
                VALUE   (LST)  VALUE       VALUE  FROM      YEAR
                                                  NORMAL
..................................................................
TEMPERATURE (F)
 YESTERDAY
  MAXIMUM         73    407 PM  91    1918  64      9       40
  MINIMUM         29    502 AM  17    2002  36     -7       34
  AVERAGE         51                        50      1       37

PRECIPITATION (IN)
  YESTERDAY        0.00          1.06 1895   0.05  -0.05     0.10
  MONTH TO DATE    0.00                      0.20  -0.20     0.10
  SINCE MAR 1      0.74                      1.91  -1.17     2.13
  SINCE JAN 1      1.68                      2.89  -1.21     2.57

SNOWFALL (IN)
  YESTERDAY       MM             2.4  1899   0.1   MM       MM
  MONTH TO DATE   MM                         0.3   MM       MM
  SINCE MAR 1     MM                        10.2   MM       MM
  SINCE JUL 1     MM                        44.3   MM       MM
  SNOW DEPTH      MM

DEGREE DAYS
 HEATING
  YESTERDAY       14                        15     -1       28
  MONTH TO DATE   43                        61    -18       76
  SINCE MAR 1   1515                      1818   -303     2005
  SINCE JUL 1   8031                      8586   -555     8954

 COOLING
  YESTERDAY        0                         0      0        0
  MONTH TO DATE    0                         0      0        0
  SINCE MAR 1      0                         1     -1        0
  SINCE JAN 1      0                         1     -1        0
..................................................................


WIND (MPH)
  HIGHEST WIND SPEED    24   HIGHEST WIND DIRECTION    SE (150)
  HIGHEST GUST SPEED    32   HIGHEST GUST DIRECTION     S (160)
  AVERAGE WIND SPEED     9.8


SKY COVER
  POSSIBLE SUNSHINE  MM
  AVERAGE SKY COVER 0.1


WEATHER CONDITIONS
 THE FOLLOWING WEATHER WAS RECORDED YESTERDAY.
  LIGHT SNOW


RELATIVE HUMIDITY (PERCENT)
 HIGHEST    64           400 AM
 LOWEST     17           200 PM
 AVERAGE    41

..........................................................


THE WILLISTON ND CLIMATE NORMALS FOR TODAY
                         NORMAL    RECORD    YEAR
 MAXIMUM TEMPERATURE (F)   65        89      1934
 MINIMUM TEMPERATURE (F)   37        21      1929


SUNRISE AND SUNSET
MAY  5 2015...........SUNRISE   630 AM CDT   SUNSET   914 PM CDT
MAY  6 2015...........SUNRISE   628 AM CDT   SUNSET   915 PM CDT


-  INDICATES NEGATIVE NUMBERS.
R  INDICATES RECORD WAS SET OR TIED.
MM INDICATES DATA IS MISSING.
T  INDICATES TRACE AMOUNT.




$$
