000
CDHW43 PHFO 060245
CLIITO


CLIMATE REPORT
NATIONAL WEATHER SERVICE HONOLULU HI
445 PM HST TUE MAY 5 2015


...................................

...THE HILO HI CLIMATE SUMMARY FOR MAY 5 2015...
VALID TODAY AS OF 0400 PM LOCAL TIME.

CLIMATE NORMAL PERIOD 1981 TO 2010
CLIMATE RECORD PERIOD 1946 TO 2015


WEATHER ITEM   OBSERVED TIME   RECORD YEAR NORMAL DEPARTURE LAST
                VALUE   (LST)  VALUE       VALUE  FROM      YEAR
                                                  NORMAL
..................................................................
TEMPERATURE (F)
 TODAY
  MAXIMUM         76    347 PM  87    1995  80     -4       83
  MINIMUM         67    722 AM  60    1971  66      1       68
  AVERAGE         72                        73     -1       76

PRECIPITATION (IN)
  TODAY            0.20          4.23 2002   0.32  -0.12      T
  MONTH TO DATE    1.93                      1.61   0.32     4.04
  SINCE MAR 1     25.16                     26.58  -1.42    36.14
  SINCE JAN 1     33.25                     45.40 -12.15    44.37

SNOWFALL (IN)
  TODAY            0.0
  MONTH TO DATE    0.0
  SINCE MAR 1      0.0
  SINCE JUL 1      0.0
  SNOW DEPTH       0

DEGREE DAYS
 HEATING
  TODAY            0                         0      0        0
  MONTH TO DATE    0                         0      0        0
  SINCE MAR 1      0                         0      0        0
  SINCE JUL 1      0                         0      0        0

 COOLING
  TODAY            7                         8     -1       11
  MONTH TO DATE   39                        40     -1       49
  SINCE MAR 1    567                       467    100      540
  SINCE JAN 1   1093                       837    256      998
..................................................................


WIND (MPH)
  HIGHEST WIND SPEED    16   HIGHEST WIND DIRECTION     E (80)
  HIGHEST GUST SPEED    18   HIGHEST GUST DIRECTION     E (80)
  AVERAGE WIND SPEED     6.8


SKY COVER
  POSSIBLE SUNSHINE  MM
  AVERAGE SKY COVER 0.9


WEATHER CONDITIONS
 THE FOLLOWING WEATHER WAS RECORDED TODAY.
  HEAVY RAIN
  RAIN
  LIGHT RAIN
  FOG


RELATIVE HUMIDITY (PERCENT)
 HIGHEST    90           200 PM
 LOWEST     79          1000 AM
 AVERAGE    85

..........................................................


THE HILO HI CLIMATE NORMALS FOR TOMORROW
                         NORMAL    RECORD    YEAR
 MAXIMUM TEMPERATURE (F)   80        86      2005
                                             1995
                                             1980
 MINIMUM TEMPERATURE (F)   66        61      1971
                                             1966
                                             1956


SUNRISE AND SUNSET
MAY  5 2015...........SUNRISE   549 AM HST   SUNSET   645 PM HST
MAY  6 2015...........SUNRISE   549 AM HST   SUNSET   645 PM HST


-  INDICATES NEGATIVE NUMBERS.
R  INDICATES RECORD WAS SET OR TIED.
MM INDICATES DATA IS MISSING.
T  INDICATES TRACE AMOUNT.




$$
