000
CDUS44 KMEG 040631
CLIJBR


CLIMATE REPORT
NATIONAL WEATHER SERVICE MEMPHIS TN
131 AM CDT MON MAY 4 2015


...................................

...THE JONESBORO CLIMATE SUMMARY FOR MAY 3 2015...

CLIMATE NORMAL PERIOD 1981 TO 2010
CLIMATE RECORD PERIOD 1897 TO 2015


WEATHER ITEM   OBSERVED TIME   RECORD YEAR NORMAL DEPARTURE LAST
                VALUE   (LST)  VALUE       VALUE  FROM      YEAR
                                                  NORMAL
..................................................................
TEMPERATURE (F)
 YESTERDAY
  MAXIMUM         81    301 PM  94    1901  76      5       80
  MINIMUM         47    541 AM  36    2013  55     -8       47
  AVERAGE         64                        65     -1       64

PRECIPITATION (IN)
  YESTERDAY        0.00          2.41 1958   0.20  -0.20     0.00
  MONTH TO DATE    0.00                      0.57  -0.57     0.00
  SINCE MAR 1     13.14                     10.09   3.05    11.99
  SINCE JAN 1     17.97                     17.24   0.73    16.70

SNOWFALL (IN)
  YESTERDAY        0.0          MM      MM   0.0    0.0      0.0
  MONTH TO DATE    0.0                       0.0    0.0      0.0
  SINCE MAR 1      7.6                       0.7    6.9      3.2
  SINCE JUL 1      9.4                       4.8    4.6      5.2
  SNOW DEPTH       0

DEGREE DAYS
 HEATING
  YESTERDAY        1                         2     -1        1
  MONTH TO DATE   17                         8      9       20
  SINCE MAR 1    734                       667     67      841
  SINCE JUL 1   3982                      3623    359     4106

 COOLING
  YESTERDAY        0                         3     -3        0
  MONTH TO DATE    0                         7     -7        0
  SINCE MAR 1     28                        54    -26       21
  SINCE JAN 1     28                        54    -26       21
..................................................................


WIND (MPH)
  HIGHEST WIND SPEED    17   HIGHEST WIND DIRECTION     S (200)
  HIGHEST GUST SPEED    22   HIGHEST GUST DIRECTION     S (200)
  AVERAGE WIND SPEED     6.4


SKY COVER
  POSSIBLE SUNSHINE  MM
  AVERAGE SKY COVER 0.0


WEATHER CONDITIONS
 THE FOLLOWING WEATHER WAS RECORDED YESTERDAY.
  NO SIGNIFICANT WEATHER WAS OBSERVED.


RELATIVE HUMIDITY (PERCENT)
 HIGHEST   100           500 AM
 LOWEST     35          1200 PM
 AVERAGE    68

..........................................................


THE JONESBORO CLIMATE NORMALS FOR TODAY
                         NORMAL    RECORD    YEAR
 MAXIMUM TEMPERATURE (F)   76        94      1906
                                             1901
 MINIMUM TEMPERATURE (F)   55        35      2013


SUNRISE AND SUNSET
MAY  4 2015...........SUNRISE   607 AM CDT   SUNSET   752 PM CDT
MAY  5 2015...........SUNRISE   606 AM CDT   SUNSET   753 PM CDT


-  INDICATES NEGATIVE NUMBERS.
R  INDICATES RECORD WAS SET OR TIED.
MM INDICATES DATA IS MISSING.
T  INDICATES TRACE AMOUNT.




$$
