000
CDUS45 KBOI 040931
CLIJER


CLIMATE REPORT
NATIONAL WEATHER SERVICE BOISE ID
331 AM MDT MON MAY 4 2015


...................................

...THE JEROME ID CLIMATE SUMMARY FOR MAY 3 2015...

CLIMATE NORMAL PERIOD 1981 TO 2010
CLIMATE RECORD PERIOD 1919 TO 2015


WEATHER ITEM   OBSERVED TIME   RECORD YEAR NORMAL DEPARTURE LAST
                VALUE   (LST)  VALUE       VALUE  FROM      YEAR
                                                  NORMAL
..................................................................
TEMPERATURE (F)
 YESTERDAY
  MAXIMUM         76    510 PM  92    1966  63     13       82
  MINIMUM         48    548 AM  21    1950  39      9       52
  AVERAGE         62                        51     11       67

PRECIPITATION (IN)
  YESTERDAY        0.00          0.51 2007   0.05  -0.05     0.00
  MONTH TO DATE    0.00                      0.17  -0.17     0.00
  SINCE OCT 1      4.91                      8.05  -3.14     4.94
  SINCE JAN 1      2.01                      4.53  -2.52     4.34

DEGREE DAYS
 HEATING
  YESTERDAY        3                        14    -11        0
  MONTH TO DATE   14                        43    -29       10
  SINCE MAR 1   1076                      1359   -283     1229
  SINCE JUL 1   5118                      6246  -1128     5897

 COOLING
  YESTERDAY        0                         0      0        2
  MONTH TO DATE    0                         0      0        2
  SINCE MAR 1      0                         0      0        2
  SINCE JAN 1      0                         0      0        2
..................................................................


WIND (MPH)
  HIGHEST WIND SPEED    25   HIGHEST WIND DIRECTION     S (170)
  HIGHEST GUST SPEED    32   HIGHEST GUST DIRECTION     S (170)
  AVERAGE WIND SPEED     6.6


SKY COVER
  AVERAGE SKY COVER 0.2


WEATHER CONDITIONS
 THE FOLLOWING WEATHER WAS RECORDED YESTERDAY.
  HAZE


RELATIVE HUMIDITY (PERCENT)
 HIGHEST    51          1100 PM
 LOWEST     18           600 PM
 AVERAGE    35

..........................................................


THE JEROME ID CLIMATE NORMALS FOR TODAY
                         NORMAL    RECORD    YEAR
 MAXIMUM TEMPERATURE (F)   64        91      1966
 MINIMUM TEMPERATURE (F)   39        25      1950


SUNRISE AND SUNSET
MAY  4 2015...........SUNRISE   628 AM MDT   SUNSET   841 PM MDT
MAY  5 2015...........SUNRISE   627 AM MDT   SUNSET   843 PM MDT


-  INDICATES NEGATIVE NUMBERS.
R  INDICATES RECORD WAS SET OR TIED.
MM INDICATES DATA IS MISSING.
T  INDICATES TRACE AMOUNT.




$$
