000
CDUS41 KOKX 180627
CLIJFK


CLIMATE REPORT
NATIONAL WEATHER SERVICE NEW YORK NY
227 AM EDT SAT APR 18 2015


...................................

...THE KENNEDY NY CLIMATE SUMMARY FOR APRIL 17 2015...

CLIMATE NORMAL PERIOD 1981 TO 2010
CLIMATE RECORD PERIOD 1949 TO 2015


WEATHER ITEM   OBSERVED TIME   RECORD YEAR NORMAL DEPARTURE LAST
                VALUE   (LST)  VALUE       VALUE  FROM      YEAR
                                                  NORMAL
..................................................................
TEMPERATURE (F)
 YESTERDAY
  MAXIMUM         69    303 PM  90    2002  60      9       47
  MINIMUM         52    658 AM  33    1980  44      8       35
                                      1962
  AVERAGE         61                        52      9       41

PRECIPITATION (IN)
  YESTERDAY        0.11          1.05 1986   0.12  -0.01     0.00
  MONTH TO DATE    0.49                      2.27  -1.78     1.54
  SINCE MAR 1      5.37                      6.05  -0.68     5.80
  SINCE JAN 1     13.03                     11.80   1.23    13.40

SNOWFALL (IN)
  YESTERDAY        0.0          MM      MM   0.1   -0.1      0.0
  MONTH TO DATE    0.0                       0.7   -0.7      0.1
  SINCE OCT 1     44.2                      23.7   20.5     45.6
  SINCE JUL 1     44.2                      23.7   20.5     45.6
  SNOW DEPTH       0

DEGREE DAYS
 HEATING
  YESTERDAY        4                        13     -9       24
  MONTH TO DATE  235                       272    -37      265
  SINCE MAR 1   1072                       997     75     1115
  SINCE JUL 1   4764                      4508    256     4822

 COOLING
  YESTERDAY        0                         0      0        0
  MONTH TO DATE    0                         0      0        0
  SINCE MAR 1      0                         0      0        0
  SINCE JAN 1      0                         0      0        0
..................................................................


WIND (MPH)
  HIGHEST WIND SPEED    21   HIGHEST WIND DIRECTION     S (200)
  HIGHEST GUST SPEED    25   HIGHEST GUST DIRECTION     S (200)
  AVERAGE WIND SPEED     9.8


SKY COVER
  POSSIBLE SUNSHINE  MM
  AVERAGE SKY COVER 0.8


WEATHER CONDITIONS
 THE FOLLOWING WEATHER WAS RECORDED YESTERDAY.
  LIGHT RAIN
  FOG


RELATIVE HUMIDITY (PERCENT)
 HIGHEST    93          1000 AM
 LOWEST     63           500 PM
 AVERAGE    78

..........................................................


THE KENNEDY NY CLIMATE NORMALS FOR TODAY
                         NORMAL    RECORD    YEAR
 MAXIMUM TEMPERATURE (F)   60        86      2002
 MINIMUM TEMPERATURE (F)   44        35      2003


SUNRISE AND SUNSET
APRIL 18 2015.........SUNRISE   612 AM EDT   SUNSET   737 PM EDT
APRIL 19 2015.........SUNRISE   611 AM EDT   SUNSET   738 PM EDT


-  INDICATES NEGATIVE NUMBERS.
R  INDICATES RECORD WAS SET OR TIED.
MM INDICATES DATA IS MISSING.
T  INDICATES TRACE AMOUNT.




$$
