000
CDUS43 KBIS 020803
CLIJMS


CLIMATE REPORT
NATIONAL WEATHER SERVICE BISMARCK ND
303 AM CDT THU APR 2 2015


...................................

...THE JAMESTOWN ND CLIMATE SUMMARY FOR APRIL 1 2015...

CLIMATE NORMAL PERIOD 1981 TO 2010
CLIMATE RECORD PERIOD 1891 TO 2015


WEATHER ITEM   OBSERVED TIME   RECORD YEAR NORMAL DEPARTURE LAST
                VALUE   (LST)  VALUE       VALUE  FROM      YEAR
                                                  NORMAL
..................................................................
TEMPERATURE (F)
 YESTERDAY
  MAXIMUM         64    417 PM  78    1907  46     18       24
  MINIMUM         37   1152 PM  -5    1975  25     12        5
  AVERAGE         51                        35     16       15

PRECIPITATION (IN)
  YESTERDAY        0.00          0.98 1999   0.03  -0.03      T
  MONTH TO DATE    0.00                      0.03  -0.03      T
  SINCE MAR 1      0.61                      0.87  -0.26     0.16
  SINCE JAN 1      1.03                      1.72  -0.69     0.55

DEGREE DAYS
 HEATING
  YESTERDAY       14                        30    -16       50
  MONTH TO DATE   14                        30    -16       50
  SINCE MAR 1   1006                      1191   -185     1321
  SINCE JUL 1   7743                      7950   -207     8589

 COOLING
  YESTERDAY        0                         0      0        0
  MONTH TO DATE    0                         0      0        0
  SINCE MAR 1      0                         0      0        0
  SINCE JAN 1      0                         0      0        0
..................................................................


WIND (MPH)
  HIGHEST WIND SPEED    39   HIGHEST WIND DIRECTION    NW (310)
  HIGHEST GUST SPEED    46   HIGHEST GUST DIRECTION    NW (310)
  AVERAGE WIND SPEED    16.6


SKY COVER
  POSSIBLE SUNSHINE  MM
  AVERAGE SKY COVER 0.1


WEATHER CONDITIONS
 THE FOLLOWING WEATHER WAS RECORDED YESTERDAY.
  NO SIGNIFICANT WEATHER WAS OBSERVED.


RELATIVE HUMIDITY (PERCENT)
 HIGHEST    70           500 AM
 LOWEST     30           400 PM
 AVERAGE    50

..........................................................


THE JAMESTOWN ND CLIMATE NORMALS FOR TODAY
                         NORMAL    RECORD    YEAR
 MAXIMUM TEMPERATURE (F)   47        79      1946
 MINIMUM TEMPERATURE (F)   25        -8      1899


SUNRISE AND SUNSET
APRIL  2 2015.........SUNRISE   712 AM CDT   SUNSET   805 PM CDT
APRIL  3 2015.........SUNRISE   710 AM CDT   SUNSET   806 PM CDT


-  INDICATES NEGATIVE NUMBERS.
R  INDICATES RECORD WAS SET OR TIED.
MM INDICATES DATA IS MISSING.
T  INDICATES TRACE AMOUNT.




$$
