000
CDAK47 PAJK 251157
CLIJNU
AKZ025-252300-
CLIMATE REPORT
NATIONAL WEATHER SERVICE JUNEAU, AK
355 AM AKDT SAT APR 25 2015


...................................

...THE JUNEAU CLIMATE SUMMARY FOR APRIL 24 2015...

CLIMATE NORMAL PERIOD 1981 TO 2010
CLIMATE RECORD PERIOD 1943 TO 2015


WEATHER ITEM   OBSERVED TIME   RECORD YEAR NORMAL DEPARTURE LAST
                VALUE   (LST)  VALUE       VALUE  FROM      YEAR
                                                  NORMAL
..................................................................
TEMPERATURE (F)
 YESTERDAY
  MAXIMUM         59    105 PM  70    2003  51      8       54
  MINIMUM         31    519 AM  23    1954  35     -4       34
  AVERAGE         45                        43      2       44

PRECIPITATION (IN)
  YESTERDAY        0.00          0.77 1985   0.10  -0.10     0.00
  MONTH TO DATE    5.73                      2.36   3.37     2.38
  SINCE MAR 1     10.25                      6.14   4.11     5.83
  SINCE JAN 1     25.85                     15.62  10.23    17.96

SNOWFALL (IN)
  YESTERDAY        0.0           1.8  1948   0.0    0.0      0.0
  MONTH TO DATE    T                         1.0   -1.0      0.3
  SINCE MAR 1      9.9                      12.6   -2.7      6.3
  SINCE JUL 1     48.6                      86.6  -38.0     97.1
  SNOW DEPTH       0

DEGREE DAYS
 HEATING
  YESTERDAY       20                        22     -2       21
  MONTH TO DATE  572                       600    -28      591
  SINCE MAR 1   1429                      1567   -138     1623
  SINCE JUL 1   6650                      7404   -754     7264

 COOLING
  YESTERDAY        0                         0      0        0
  MONTH TO DATE    0                         0      0        0
  SINCE MAR 1      0                         0      0        0
  SINCE JAN 1      0                         0      0        0
..................................................................


WIND (MPH)
  HIGHEST WIND SPEED    18   HIGHEST WIND DIRECTION     E (100)
  HIGHEST GUST SPEED    22   HIGHEST GUST DIRECTION     E (90)
  AVERAGE WIND SPEED     4.2


SKY COVER
  POSSIBLE SUNSHINE  MM
  AVERAGE SKY COVER 0.2


WEATHER CONDITIONS
 THE FOLLOWING WEATHER WAS RECORDED YESTERDAY.
  NO SIGNIFICANT WEATHER WAS OBSERVED.


RELATIVE HUMIDITY (PERCENT)
 HIGHEST    96           600 AM
 LOWEST     30           400 PM
 AVERAGE    63

..........................................................


THE JUNEAU CLIMATE NORMALS FOR TODAY
                         NORMAL    RECORD    YEAR
 MAXIMUM TEMPERATURE (F)   51        73      2003
 MINIMUM TEMPERATURE (F)   35        23      1948


SUNRISE AND SUNSET
APRIL 25 2015.........SUNRISE   520 AM AKDT  SUNSET   834 PM AKDT
APRIL 26 2015.........SUNRISE   517 AM AKDT  SUNSET   837 PM AKDT


-  INDICATES NEGATIVE NUMBERS.
R  INDICATES RECORD WAS SET OR TIED.
MM INDICATES DATA IS MISSING.
T  INDICATES TRACE AMOUNT.




$$


&&
----------------------------
AMOUNT OF DAYLIGHT TODAY  (HOUR:MIN)........15:15
GAIN/LOSS SINCE YESTERDAY (HOUR:MIN:SEC)....+0:04:54
