000
CDUS45 KCYS 270731
CLILAR


CLIMATE REPORT
NATIONAL WEATHER SERVICE CHEYENNE WY
131 AM MDT MON APR 27 2015


...................................

...THE LARAMIE WY AIRPORT CLIMATE SUMMARY FOR APRIL 26 2015...

CLIMATE NORMAL PERIOD 1981 TO 2010
CLIMATE RECORD PERIOD 1948 TO 2015


WEATHER ITEM   OBSERVED TIME   RECORD YEAR NORMAL DEPARTURE LAST
                VALUE   (LST)  VALUE       VALUE  FROM      YEAR
                                                  NORMAL
..................................................................
TEMPERATURE (F)
 YESTERDAY
  MAXIMUM         47    143 PM  73    1981  55     -8       61
  MINIMUM         34    521 AM   6    1967  27      7       33
  AVERAGE         41                        41      0       47

PRECIPITATION (IN)
  YESTERDAY        0.24          0.83 1972   0.04   0.20     0.14
  MONTH TO DATE    1.64                      0.89   0.75     0.69
  SINCE JAN 1      2.60                      2.08   0.52     2.42

DEGREE DAYS
 HEATING
  YESTERDAY       24                        24      0       18
  MONTH TO DATE  719                       722     -3      669
  SINCE MAR 1   1588                      1781   -193     1666
  SINCE JUL 1   7265                      7957   -692     7710

 COOLING
  YESTERDAY        0                         0      0        0
  MONTH TO DATE    0                         0      0        0
  SINCE MAR 1      0                         0      0        0
  SINCE JAN 1      0                         0      0        0
..................................................................


WIND (MPH)
  HIGHEST WIND SPEED    22   HIGHEST WIND DIRECTION    SE (140)
  HIGHEST GUST SPEED    26   HIGHEST GUST DIRECTION    SE (130)
  AVERAGE WIND SPEED     9.6


SKY COVER
  AVERAGE SKY COVER 1.0


WEATHER CONDITIONS
 THE FOLLOWING WEATHER WAS RECORDED YESTERDAY.
  HEAVY RAIN
  RAIN
  LIGHT RAIN
  FOG


RELATIVE HUMIDITY (PERCENT)
 HIGHEST   100           200 AM
 LOWEST     65           100 PM
 AVERAGE    83

..........................................................


THE LARAMIE WY AIRPORT CLIMATE NORMALS FOR TODAY
                         NORMAL    RECORD    YEAR
 MAXIMUM TEMPERATURE (F)   55        73      1992
 MINIMUM TEMPERATURE (F)   28        11      1984


SUNRISE AND SUNSET
APRIL 27 2015.........SUNRISE   606 AM MDT   SUNSET   756 PM MDT
APRIL 28 2015.........SUNRISE   604 AM MDT   SUNSET   757 PM MDT


-  INDICATES NEGATIVE NUMBERS.
R  INDICATES RECORD WAS SET OR TIED.
MM INDICATES DATA IS MISSING.
T  INDICATES TRACE AMOUNT.




$$
