000
CDUS44 KSHV 280753
CLILFK


CLIMATE REPORT
NATIONAL WEATHER SERVICE SHREVEPORT, LA
252 AM CDT TUE APR 28 2015


...................................

...THE LUFKIN CLIMATE SUMMARY FOR APRIL 27 2015...

CLIMATE NORMAL PERIOD 1981 TO 2010
CLIMATE RECORD PERIOD 1906 TO 2015


WEATHER ITEM   OBSERVED TIME   RECORD YEAR NORMAL DEPARTURE LAST
                VALUE   (LST)  VALUE       VALUE  FROM      YEAR
                                                  NORMAL
..................................................................
TEMPERATURE (F)
 YESTERDAY
  MAXIMUM         79    119 PM  91    2014  81     -2       91
                                      1987
  MINIMUM         64    700 AM  40    1920  58      6       76
  AVERAGE         72                        70      2       84

PRECIPITATION (IN)
  YESTERDAY        0.00          2.30 1972   0.10  -0.10     0.00
  MONTH TO DATE    3.68                      2.72   0.96     2.77
  SINCE DEC 1     20.72                     18.99   1.73    10.35
  SINCE JAN 1     18.67                     14.55   4.12     8.14

SNOWFALL (IN)
  YESTERDAY        0.0
  MONTH TO DATE    0.0
  SINCE MAR 1      0.0
  SINCE JUL 1      T
  SNOW DEPTH       0

DEGREE DAYS
 HEATING
  YESTERDAY        0                         1     -1        0
  MONTH TO DATE    6                        67    -61       56
  SINCE MAR 1    168                       277   -109      306
  SINCE JUL 1   1688                      1911   -223     2109

 COOLING
  YESTERDAY        7                         5      2       19
  MONTH TO DATE  235                       100    135      143
  SINCE MAR 1    294                       141    153      160
  SINCE JAN 1    300                       160    140      178
..................................................................


WIND (MPH)
  HIGHEST WIND SPEED    30   HIGHEST WIND DIRECTION     W (270)
  HIGHEST GUST SPEED    40   HIGHEST GUST DIRECTION     W (260)
  AVERAGE WIND SPEED    10.7


SKY COVER
  POSSIBLE SUNSHINE  MM
  AVERAGE SKY COVER 0.7


WEATHER CONDITIONS
 THE FOLLOWING WEATHER WAS RECORDED YESTERDAY.
  THUNDERSTORM
  HEAVY RAIN
  RAIN
  LIGHT RAIN
  FOG
  HAZE


RELATIVE HUMIDITY (PERCENT)
 HIGHEST    82          1200 AM
 LOWEST     58           100 PM
 AVERAGE    70

..........................................................


THE LUFKIN CLIMATE NORMALS FOR TODAY
                         NORMAL    RECORD    YEAR
 MAXIMUM TEMPERATURE (F)   81        93      1987
 MINIMUM TEMPERATURE (F)   59        44      1928


SUNRISE AND SUNSET
APRIL 28 2015.........SUNRISE   637 AM CDT   SUNSET   756 PM CDT
APRIL 29 2015.........SUNRISE   636 AM CDT   SUNSET   757 PM CDT


-  INDICATES NEGATIVE NUMBERS.
R  INDICATES RECORD WAS SET OR TIED.
MM INDICATES DATA IS MISSING.
T  INDICATES TRACE AMOUNT.




$$
