000
CDUS46 KLOX 070114
CLILGB


CLIMATE REPORT
NATIONAL WEATHER SERVICE LOS ANGELES/OXNARD CA
614 PM PDT WED MAY 6 2015


...................................

...THE LONG BEACH AIRPORT CA CLIMATE SUMMARY FOR MAY 6 2015...
VALID TODAY AS OF 0600 PM LOCAL TIME.

CLIMATE NORMAL PERIOD 1981 TO 2010
CLIMATE RECORD PERIOD 1958 TO 2015


WEATHER ITEM   OBSERVED TIME   RECORD YEAR NORMAL DEPARTURE LAST
                VALUE   (LST)  VALUE       VALUE  FROM      YEAR
                                                  NORMAL
..................................................................
TEMPERATURE (F)
 TODAY
  MAXIMUM         71    234 PM 100    1990  73     -2       68
  MINIMUM         58    103 AM  46    1967  56      2       57
                                      1964
  AVERAGE         65                        65      0       63

PRECIPITATION (IN)
  TODAY            0.00          0.38 2013   0.01  -0.01     0.00
  MONTH TO DATE    0.00                      0.06  -0.06     0.00
  SINCE OCT 1      7.08                     11.80  -4.72     4.43
  SINCE JAN 1      1.82                      8.22  -6.40     3.19

SNOWFALL (IN)
  TODAY            0.0
  MONTH TO DATE    0.0
  SINCE MAR 1      0.0
  SINCE JUL 1      0.0

DEGREE DAYS
 HEATING
  TODAY            0                         2     -2        2
  MONTH TO DATE    2                        12    -10        2
  SINCE MAR 1     80                       297   -217      133
  SINCE JUL 1    503                      1188   -685      711

 COOLING
  TODAY            0                         2     -2        0
  MONTH TO DATE   16                        12      4       37
  SINCE MAR 1    206                        51    155      124
  SINCE JAN 1    243                        59    184      139
..................................................................


WIND (MPH)
  HIGHEST WIND SPEED    14   HIGHEST WIND DIRECTION     W (280)
  HIGHEST GUST SPEED    17   HIGHEST GUST DIRECTION     W (280)
  AVERAGE WIND SPEED     5.8


SKY COVER
  POSSIBLE SUNSHINE  MM
  AVERAGE SKY COVER 0.8


WEATHER CONDITIONS
 THE FOLLOWING WEATHER WAS RECORDED TODAY.
  NO SIGNIFICANT WEATHER WAS OBSERVED.


RELATIVE HUMIDITY (PERCENT)
 HIGHEST    75           200 AM
 LOWEST     47           200 PM
 AVERAGE    61

..........................................................


THE LONG BEACH AIRPORT CA CLIMATE NORMALS FOR TOMORROW
                         NORMAL    RECORD    YEAR
 MAXIMUM TEMPERATURE (F)   74        97      2007
 MINIMUM TEMPERATURE (F)   57        40      1964


SUNRISE AND SUNSET
MAY  6 2015...........SUNRISE   559 AM PDT   SUNSET   740 PM PDT
MAY  7 2015...........SUNRISE   558 AM PDT   SUNSET   741 PM PDT


-  INDICATES NEGATIVE NUMBERS.
R  INDICATES RECORD WAS SET OR TIED.
MM INDICATES DATA IS MISSING.
T  INDICATES TRACE AMOUNT.




$$
