000
CDHW41 PHFO 210225
CLILIH


CLIMATE REPORT
NATIONAL WEATHER SERVICE HONOLULU HI
425 PM HST MON APR 20 2015


...................................

...THE LIHUE HI CLIMATE SUMMARY FOR APRIL 20 2015...
VALID TODAY AS OF 0400 PM LOCAL TIME.

CLIMATE NORMAL PERIOD 1981 TO 2010
CLIMATE RECORD PERIOD 1946 TO 2015


WEATHER ITEM   OBSERVED TIME   RECORD YEAR NORMAL DEPARTURE LAST
                VALUE   (LST)  VALUE       VALUE  FROM      YEAR
                                                  NORMAL
..................................................................
TEMPERATURE (F)
 TODAY
  MAXIMUM         82   1225 PM  84    1981  79      3       78
  MINIMUM         73    604 AM  58    1966  69      4       70
  AVERAGE         78                        74      4       74

PRECIPITATION (IN)
  TODAY            0.00          1.15 2009   0.06  -0.06     0.04
  MONTH TO DATE    0.54                      1.64  -1.10     0.30
  SINCE MAR 1      2.18                      6.25  -4.07     2.23
  SINCE JAN 1      4.09                     13.16  -9.07    12.63

SNOWFALL (IN)
  TODAY            0.0
  MONTH TO DATE    0.0
  SINCE MAR 1      0.0
  SINCE JUL 1      0.0
  SNOW DEPTH       0

DEGREE DAYS
 HEATING
  TODAY            0                         0      0        0
  MONTH TO DATE    0                         0      0        0
  SINCE MAR 1      0                         0      0        0
  SINCE JUL 1      0                         0      0        0

 COOLING
  TODAY           13                         9      4        9
  MONTH TO DATE  233                       179     54      190
  SINCE MAR 1    487                       418     69      401
  SINCE JAN 1    943                       813    130      777
..................................................................


WIND (MPH)
  HIGHEST WIND SPEED    24   HIGHEST WIND DIRECTION    NE (60)
  HIGHEST GUST SPEED    29   HIGHEST GUST DIRECTION    NE (60)
  AVERAGE WIND SPEED    18.6


SKY COVER
  POSSIBLE SUNSHINE  MM
  AVERAGE SKY COVER 0.7


WEATHER CONDITIONS
 THE FOLLOWING WEATHER WAS RECORDED TODAY.
  NO SIGNIFICANT WEATHER WAS OBSERVED.


RELATIVE HUMIDITY (PERCENT)
 HIGHEST    68          1200 AM
 LOWEST     54          1100 AM
 AVERAGE    61

..........................................................


THE LIHUE HI CLIMATE NORMALS FOR TOMORROW
                         NORMAL    RECORD    YEAR
 MAXIMUM TEMPERATURE (F)   79        85      1981
 MINIMUM TEMPERATURE (F)   69        57      1958


SUNRISE AND SUNSET
APRIL 20 2015.........SUNRISE   614 AM HST   SUNSET   659 PM HST
APRIL 21 2015.........SUNRISE   613 AM HST   SUNSET   700 PM HST


-  INDICATES NEGATIVE NUMBERS.
R  INDICATES RECORD WAS SET OR TIED.
MM INDICATES DATA IS MISSING.
T  INDICATES TRACE AMOUNT.




$$
