000
CDUS44 KLZK 012116
CLILIT


CLIMATE REPORT
NATIONAL WEATHER SERVICE LITTLE ROCK AR
416 PM CDT WED APR 1 2015


...................................

...THE LITTLE ROCK ADAMS FIELD CLIMATE SUMMARY FOR APRIL 1 2015...
VALID TODAY AS OF 0400 PM LOCAL TIME.

CLIMATE NORMAL PERIOD 1981 TO 2010
CLIMATE RECORD PERIOD 1874 TO 2015


WEATHER ITEM   OBSERVED TIME   RECORD YEAR NORMAL DEPARTURE LAST
                VALUE   (LST)  VALUE       VALUE  FROM      YEAR
                                                  NORMAL
..................................................................
TEMPERATURE (F)
 TODAY
  MAXIMUM         80    200 PM  90    1940  69     11       74
  MINIMUM         59    548 AM  28    1886  47     12       48
  AVERAGE         70                        58     12       61

PRECIPITATION (IN)
  TODAY            0.00          3.31 1979   0.16  -0.16      T
  MONTH TO DATE    0.00                      0.16  -0.16      T
  SINCE MAR 1      8.10                      4.84   3.26     5.29
  SINCE JAN 1     14.91                     12.05   2.86    10.86

SNOWFALL (IN)
  TODAY            0.0          MM      MM   0.0    0.0      0.0
  MONTH TO DATE    0.0                       0.0    0.0      0.0
  SINCE MAR 1      5.7                       0.4    5.3      2.2
  SINCE JUL 1     11.1                       3.5    7.6      6.2
  SNOW DEPTH       0

DEGREE DAYS
 HEATING
  TODAY            0                         8     -8        4
  MONTH TO DATE    0                         8     -8        4
  SINCE MAR 1    395                       383     12      499
  SINCE JUL 1   3041                      2896    145     3272

 COOLING
  TODAY            5                         1      4        0
  MONTH TO DATE    5                         1      4        0
  SINCE MAR 1     19                        15      4        0
  SINCE JAN 1     19                        17      2        0
..................................................................


WIND (MPH)
  HIGHEST WIND SPEED    14   HIGHEST WIND DIRECTION    SE (140)
  HIGHEST GUST SPEED    17   HIGHEST GUST DIRECTION     S (160)
  AVERAGE WIND SPEED     6.2


SKY COVER
  POSSIBLE SUNSHINE  MM
  AVERAGE SKY COVER 0.9


WEATHER CONDITIONS
 THE FOLLOWING WEATHER WAS RECORDED TODAY.
  FOG
  HAZE


RELATIVE HUMIDITY (PERCENT)
 HIGHEST    93           700 AM
 LOWEST     51           200 PM
 AVERAGE    72

..........................................................


THE LITTLE ROCK ADAMS FIELD CLIMATE NORMALS FOR TOMORROW
                         NORMAL    RECORD    YEAR
 MAXIMUM TEMPERATURE (F)   69        89      1918
 MINIMUM TEMPERATURE (F)   47        30      1962
                                             1881


SUNRISE AND SUNSET
APRIL  1 2015.........SUNRISE   656 AM CDT   SUNSET   730 PM CDT
APRIL  2 2015.........SUNRISE   655 AM CDT   SUNSET   731 PM CDT


-  INDICATES NEGATIVE NUMBERS.
R  INDICATES RECORD WAS SET OR TIED.
MM INDICATES DATA IS MISSING.
T  INDICATES TRACE AMOUNT.




$$
