000
CDUS45 KRIW 040740
CLILND


CLIMATE REPORT
NATIONAL WEATHER SERVICE RIVERTON WY
129 AM MDT MON MAY 4 2015


...................................

...THE LANDER WY CLIMATE SUMMARY FOR MAY 3 2015...

CLIMATE NORMAL PERIOD 1981 TO 2010
CLIMATE RECORD PERIOD 1891 TO 2015


WEATHER ITEM   OBSERVED TIME   RECORD YEAR NORMAL DEPARTURE LAST
                VALUE   (LST)  VALUE       VALUE  FROM      YEAR
                                                  NORMAL
..................................................................
TEMPERATURE (F)
 YESTERDAY
  MAXIMUM         68    101 PM  84    1947  62      6       79
  MINIMUM         50   1159 PM  17    1899  36     14       54
  AVERAGE         59                        49     10       67

PRECIPITATION (IN)
  YESTERDAY        T             1.24 1898   0.08  -0.08     0.00
  MONTH TO DATE    T                         0.23  -0.23     0.00
  SINCE MAR 1      2.86                      3.26  -0.40     1.88
  SINCE JAN 1      4.42                      4.25   0.17     2.68

SNOWFALL (IN)
  YESTERDAY        0.0                       0.4   -0.4      0.0
  MONTH TO DATE    0.0                       1.1   -1.1      0.0
  SINCE MAR 1     19.2                      34.0  -14.8     18.2
  SINCE JUL 1     73.1                      87.6  -14.5     73.5
  SNOW DEPTH       0

DEGREE DAYS
 HEATING
  YESTERDAY        6                        16    -10        0
  MONTH TO DATE   22                        48    -26       24
  SINCE MAR 1   1380                      1598   -218     1540
  SINCE JUL 1   6504                      7302   -798     7276

 COOLING
  YESTERDAY        0                         0      0        2
  MONTH TO DATE    0                         0      0        2
  SINCE MAR 1      0                         0      0        2
  SINCE JAN 1      0                         0      0        2
..................................................................


WIND (MPH)
  HIGHEST WIND SPEED    38   HIGHEST WIND DIRECTION    SW (210)
  HIGHEST GUST SPEED    54   HIGHEST GUST DIRECTION    SW (210)
  AVERAGE WIND SPEED     9.8


SKY COVER
  POSSIBLE SUNSHINE  MM
  AVERAGE SKY COVER 0.2


WEATHER CONDITIONS
 THE FOLLOWING WEATHER WAS RECORDED YESTERDAY.
  LIGHT RAIN


RELATIVE HUMIDITY (PERCENT)
 HIGHEST    68           800 PM
 LOWEST     29           100 AM
 AVERAGE    49

..........................................................


THE LANDER WY CLIMATE NORMALS FOR TODAY
                         NORMAL    RECORD    YEAR
 MAXIMUM TEMPERATURE (F)   63        85      2000
                                             1947
 MINIMUM TEMPERATURE (F)   37        24      1950
                                             1899


SUNRISE AND SUNSET
MAY  4 2015...........SUNRISE   605 AM MDT   SUNSET   819 PM MDT
MAY  5 2015...........SUNRISE   604 AM MDT   SUNSET   820 PM MDT


-  INDICATES NEGATIVE NUMBERS.
R  INDICATES RECORD WAS SET OR TIED.
MM INDICATES DATA IS MISSING.
T  INDICATES TRACE AMOUNT.




$$
