000
CDUS43 KOAX 020627
CLILNK


CLIMATE REPORT
NATIONAL WEATHER SERVICE OMAHA NEBRASKA
123 AM CDT THU APR 2 2015


...................................

...THE LINCOLN, NEBRASKA CLIMATE SUMMARY FOR APRIL 1 2015...

CLIMATE NORMAL PERIOD 1981 TO 2010
CLIMATE RECORD PERIOD 1887 TO 2015


WEATHER ITEM   OBSERVED TIME   RECORD YEAR NORMAL DEPARTURE LAST
                VALUE   (LST)  VALUE       VALUE  FROM      YEAR
                                                  NORMAL
..................................................................
TEMPERATURE (F)
 YESTERDAY
  MAXIMUM         85    423 PM  91    2003  59     26       46
  MINIMUM         50   1249 AM  17    1899  33     17       25
  AVERAGE         68                        46     22       36

PRECIPITATION (IN)
  YESTERDAY        0.42          0.67 1960   0.07   0.35     0.00
  MONTH TO DATE    0.42                      0.07   0.35     0.00
  SINCE MAR 1      1.19                      2.00  -0.81     0.13
  SINCE JAN 1      3.03                      3.41  -0.38     0.99

SNOWFALL (IN)
  YESTERDAY        0.0                       0.1   -0.1      0.0
  MONTH TO DATE    0.0                       0.1   -0.1      0.0
  SINCE JUL 1     21.9                      24.6   -2.7     17.7
  SNOW DEPTH       0

DEGREE DAYS
 HEATING
  YESTERDAY        0                        19    -19       29
  MONTH TO DATE    0                        19    -19       29
  SINCE MAR 1    668                       792   -124      886
  SINCE JUL 1   5355                      5495   -140     6003

 COOLING
  YESTERDAY        3                         0      3        0
  MONTH TO DATE    3                         0      3        0
  SINCE MAR 1      5                         1      4        0
  SINCE JAN 1      5                         1      4        0
..................................................................


WIND (MPH)
  HIGHEST WIND SPEED    38   HIGHEST WIND DIRECTION     N (010)
  HIGHEST GUST SPEED    50   HIGHEST GUST DIRECTION     N (020)
  AVERAGE WIND SPEED    19.1


SKY COVER
  POSSIBLE SUNSHINE  MM
  AVERAGE SKY COVER 0.0


WEATHER CONDITIONS
 THE FOLLOWING WEATHER WAS RECORDED YESTERDAY.
  THUNDERSTORM
  RAIN
  LIGHT RAIN
  FOG


RELATIVE HUMIDITY (PERCENT)
 HIGHEST    54           100 AM
 LOWEST     25           200 PM
 AVERAGE    40

..........................................................


THE LINCOLN, NEBRASKA CLIMATE NORMALS FOR TODAY
                         NORMAL    RECORD    YEAR
 MAXIMUM TEMPERATURE (F)   60        90      2012
 MINIMUM TEMPERATURE (F)   34        11      1975


SUNRISE AND SUNSET
APRIL  2 2015.........SUNRISE   709 AM CDT   SUNSET   753 PM CDT
APRIL  3 2015.........SUNRISE   708 AM CDT   SUNSET   754 PM CDT


-  INDICATES NEGATIVE NUMBERS.
R  INDICATES RECORD WAS SET OR TIED.
MM INDICATES DATA IS MISSING.
T  INDICATES TRACE AMOUNT.




$$
