000
CDUS45 KTFX 252236
CLILWT


CLIMATE REPORT
NATIONAL WEATHER SERVICE GREAT FALLS MT
436 PM MDT SAT APR 25 2015


...................................

...THE LEWISTOWN MT CLIMATE SUMMARY FOR APRIL 25 2015...
VALID TODAY AS OF 0400 PM LOCAL TIME.

CLIMATE NORMAL PERIOD 1981 TO 2010
CLIMATE RECORD PERIOD 1896 TO 2015


WEATHER ITEM   OBSERVED TIME   RECORD YEAR NORMAL DEPARTURE LAST
                VALUE   (LST)  VALUE       VALUE  FROM      YEAR
                                                  NORMAL
..................................................................
TEMPERATURE (F)
 TODAY
  MAXIMUM         49    259 PM  81    1898  57     -8       58
  MINIMUM         34    403 AM   9    1960  31      3       34
  AVERAGE         42                        44     -2       46

PRECIPITATION (IN)
  TODAY            0.21          0.84 1912   0.06   0.15      T
  MONTH TO DATE    1.57                      1.12   0.45     0.63
  SINCE OCT 1      6.18                      5.62   0.56     5.46
  SINCE JAN 1      3.87                      3.12   0.75     3.38

SNOWFALL (IN)
  TODAY           MM
  SNOW DEPTH       0

DEGREE DAYS
 HEATING
  TODAY           23                        21      2       19
  MONTH TO DATE  555                       607    -52      597
  SINCE MAR 1   1248                      1602   -354     1714
  SINCE JUL 1   6446                      7406   -960     7770

 COOLING
  TODAY            0                         0      0        0
  MONTH TO DATE    0                         0      0        0
  SINCE MAR 1      0                         0      0        0
  SINCE JAN 1      0                         0      0        0
..................................................................


WIND (MPH)
  HIGHEST WIND SPEED    16   HIGHEST WIND DIRECTION    SW (220)
  HIGHEST GUST SPEED    21   HIGHEST GUST DIRECTION    SW (220)
  AVERAGE WIND SPEED    10.1


SKY COVER
  AVERAGE SKY COVER 1.0


WEATHER CONDITIONS
 THE FOLLOWING WEATHER WAS RECORDED TODAY.
  RAIN
  LIGHT RAIN
  LIGHT SNOW
  FOG


RELATIVE HUMIDITY (PERCENT)
 HIGHEST    96
 LOWEST     46
 AVERAGE    71

..........................................................


THE LEWISTOWN MT CLIMATE NORMALS FOR TOMORROW
                         NORMAL    RECORD    YEAR
 MAXIMUM TEMPERATURE (F)   57        86      1910
 MINIMUM TEMPERATURE (F)   32        17      1988


SUNRISE AND SUNSET
APRIL 25 2015.........SUNRISE   612 AM MDT   SUNSET   820 PM MDT
APRIL 26 2015.........SUNRISE   611 AM MDT   SUNSET   822 PM MDT


-  INDICATES NEGATIVE NUMBERS.
R  INDICATES RECORD WAS SET OR TIED.
MM INDICATES DATA IS MISSING.
T  INDICATES TRACE AMOUNT.




$$
