000
CDUS44 KLZK 050902
CLILZK


CLIMATE REPORT
NATIONAL WEATHER SERVICE LITTLE ROCK AR
402 AM CDT TUE MAY 5 2015


...................................

...THE NORTH LITTLE ROCK CLIMATE SUMMARY FOR MAY 4 2015...

CLIMATE NORMAL PERIOD 1981 TO 2010
CLIMATE RECORD PERIOD 1975 TO 2015


WEATHER ITEM   OBSERVED TIME   RECORD YEAR NORMAL DEPARTURE LAST
                VALUE   (LST)  VALUE       VALUE  FROM      YEAR
                                                  NORMAL
..................................................................
TEMPERATURE (F)
 YESTERDAY
  MAXIMUM         82        MM  90    2014  77      5       90
                                      2012
  MINIMUM         61        MM  40    2013  58      3       62
  AVERAGE         72                        68      4       76

PRECIPITATION (IN)
  YESTERDAY        0.00          2.40 2006   0.17  -0.17     0.00
  MONTH TO DATE    0.00                      0.71  -0.71      T
  SINCE MAR 1     13.61                     10.27   3.34     9.76
  SINCE JAN 1     19.79                     17.35   2.44    15.08

SNOWFALL (IN)
  YESTERDAY        0.0          MM      MM   0.0    0.0      0.0
  MONTH TO DATE    0.0                       0.0    0.0      0.0
  SINCE MAR 1      6.4                       0.4    6.0      1.6
  SINCE JUL 1     10.6                       4.4    6.2      5.2
  SNOW DEPTH      MM

DEGREE DAYS
 HEATING
  YESTERDAY        0                         2     -2        0
  MONTH TO DATE    3                         8     -5       16
  SINCE MAR 1    500                       504     -4      656
  SINCE JUL 1   3297                      2990    307     3483

 COOLING
  YESTERDAY        7                         4      3       11
  MONTH TO DATE   12                        16     -4       13
  SINCE MAR 1     87                       103    -16       69
  SINCE JAN 1     87                       105    -18       69
..................................................................


WIND (MPH)
  HIGHEST WIND SPEED    MM   HIGHEST WIND DIRECTION    MM
  HIGHEST GUST SPEED    MM   HIGHEST GUST DIRECTION    MM
  AVERAGE WIND SPEED     4.6


SKY COVER
  POSSIBLE SUNSHINE  MM
  AVERAGE SKY COVER 0.0


WEATHER CONDITIONS
 THE FOLLOWING WEATHER WAS RECORDED YESTERDAY.
  NO SIGNIFICANT WEATHER WAS OBSERVED.


RELATIVE HUMIDITY (PERCENT)
 HIGHEST    MM
 LOWEST     MM
 AVERAGE    MM

..........................................................


THE NORTH LITTLE ROCK CLIMATE NORMALS FOR TODAY
                         NORMAL    RECORD    YEAR
 MAXIMUM TEMPERATURE (F)   78        90      2012
 MINIMUM TEMPERATURE (F)   59        40      2013


SUNRISE AND SUNSET
MAY  5 2015...........SUNRISE   615 AM CDT   SUNSET   757 PM CDT
MAY  6 2015...........SUNRISE   614 AM CDT   SUNSET   758 PM CDT


-  INDICATES NEGATIVE NUMBERS.
R  INDICATES RECORD WAS SET OR TIED.
MM INDICATES DATA IS MISSING.
T  INDICATES TRACE AMOUNT.




$$
